Last updated on 2024-05-02 08:57:55 CEST.
Flavor | Version | Tinstall | Tcheck | Ttotal | Status | Flags |
---|---|---|---|---|---|---|
r-devel-linux-x86_64-debian-clang | 2.1 | 2.70 | 33.82 | 36.52 | NOTE | |
r-devel-linux-x86_64-debian-gcc | 2.1 | 2.61 | 25.15 | 27.76 | NOTE | |
r-devel-linux-x86_64-fedora-clang | 2.1 | 47.94 | NOTE | |||
r-devel-linux-x86_64-fedora-gcc | 2.1 | 57.68 | NOTE | |||
r-devel-windows-x86_64 | 2.1 | 5.00 | 48.00 | 53.00 | NOTE | |
r-patched-linux-x86_64 | 2.1 | 2.90 | 32.40 | 35.30 | NOTE | |
r-release-linux-x86_64 | 2.1 | 3.71 | 32.06 | 35.77 | NOTE | |
r-release-macos-arm64 | 2.1 | 23.00 | NOTE | |||
r-release-windows-x86_64 | 2.1 | 5.00 | 48.00 | 53.00 | NOTE | |
r-oldrel-macos-arm64 | 2.1 | 22.00 | OK | |||
r-oldrel-macos-x86_64 | 2.1 | 34.00 | OK | |||
r-oldrel-windows-x86_64 | 2.1 | 6.00 | 48.00 | 54.00 | OK |
Version: 2.1
Check: Rd files
Result: NOTE
checkRd: (-1) predict.robu.Rd:36-42: Lost braces in \itemize; meant \describe ?
checkRd: (-1) predict.robu.Rd:43-49: Lost braces in \itemize; meant \describe ?
checkRd: (-1) predict.robu.Rd:50-55: Lost braces in \itemize; meant \describe ?
Flavors: r-devel-linux-x86_64-debian-clang, r-devel-linux-x86_64-debian-gcc, r-devel-linux-x86_64-fedora-clang, r-devel-linux-x86_64-fedora-gcc, r-devel-windows-x86_64, r-patched-linux-x86_64, r-release-linux-x86_64, r-release-macos-arm64, r-release-windows-x86_64
Version: 2.1
Check: data for non-ASCII characters
Result: NOTE
Note: found 6 marked UTF-8 strings
Flavors: r-devel-linux-x86_64-fedora-clang, r-devel-linux-x86_64-fedora-gcc