Last updated on 2024-04-23 08:58:15 CEST.
Flavor | Version | Tinstall | Tcheck | Ttotal | Status | Flags |
---|---|---|---|---|---|---|
r-devel-linux-x86_64-debian-clang | 0.1.0 | 5.86 | 44.91 | 50.77 | NOTE | |
r-devel-linux-x86_64-debian-gcc | 0.1.0 | 4.32 | 34.09 | 38.41 | NOTE | |
r-devel-linux-x86_64-fedora-clang | 0.1.0 | 62.46 | NOTE | |||
r-devel-linux-x86_64-fedora-gcc | 0.1.0 | 59.33 | NOTE | |||
r-prerel-macos-arm64 | 0.1.0 | 22.00 | NOTE | |||
r-prerel-windows-x86_64 | 0.1.0 | 4.00 | 52.00 | 56.00 | NOTE | |
r-patched-linux-x86_64 | 0.1.0 | 5.62 | 43.90 | 49.52 | NOTE | |
r-release-linux-x86_64 | 0.1.0 | 4.94 | 43.10 | 48.04 | NOTE | |
r-release-macos-arm64 | 0.1.0 | 23.00 | NOTE | |||
r-release-macos-x86_64 | 0.1.0 | 34.00 | NOTE | |||
r-release-windows-x86_64 | 0.1.0 | 7.00 | 57.00 | 64.00 | NOTE | |
r-oldrel-macos-arm64 | 0.1.0 | 24.00 | NOTE | |||
r-oldrel-windows-x86_64 | 0.1.0 | 16.00 | 75.00 | 91.00 | NOTE |
Version: 0.1.0
Check: LazyData
Result: NOTE
'LazyData' is specified without a 'data' directory
Flavors: r-devel-linux-x86_64-debian-clang, r-devel-linux-x86_64-debian-gcc, r-devel-linux-x86_64-fedora-clang, r-devel-linux-x86_64-fedora-gcc, r-prerel-macos-arm64, r-prerel-windows-x86_64, r-patched-linux-x86_64, r-release-linux-x86_64, r-release-macos-arm64, r-release-macos-x86_64, r-release-windows-x86_64, r-oldrel-macos-arm64, r-oldrel-windows-x86_64