Last updated on 2024-03-12 07:50:06 CET.
Flavor | Version | Tinstall | Tcheck | Ttotal | Status | Flags |
---|---|---|---|---|---|---|
r-devel-linux-x86_64-debian-clang | 1.1.3 | 12.14 | 100.21 | 112.35 | NOTE | |
r-devel-linux-x86_64-debian-gcc | 1.1.3 | 8.27 | 78.17 | 86.44 | NOTE | |
r-devel-linux-x86_64-fedora-clang | 1.1.3 | 140.44 | NOTE | |||
r-devel-linux-x86_64-fedora-gcc | 1.1.3 | 163.69 | NOTE | |||
r-devel-windows-x86_64 | 1.1.3 | 13.00 | 104.00 | 117.00 | NOTE | |
r-patched-linux-x86_64 | 1.1.3 | 8.49 | 98.01 | 106.50 | OK | |
r-release-linux-x86_64 | 1.1.3 | 7.21 | 98.45 | 105.66 | OK | |
r-release-macos-arm64 | 1.1.3 | 54.00 | OK | |||
r-release-macos-x86_64 | 1.1.3 | 109.00 | OK | |||
r-release-windows-x86_64 | 1.1.3 | 16.00 | 116.00 | 132.00 | OK | |
r-oldrel-macos-arm64 | 1.1.3 | 59.00 | OK | |||
r-oldrel-windows-x86_64 | 1.1.3 | 16.00 | 115.00 | 131.00 | OK |
Version: 1.1.3
Check: Rd files
Result: NOTE
checkRd: (-1) update_tidy_omic.Rd:16-17: Lost braces
16 | in \code{updated_tidy_data} (names) and the table {features, samples,
| ^
Flavors: r-devel-linux-x86_64-debian-clang, r-devel-linux-x86_64-debian-gcc, r-devel-linux-x86_64-fedora-clang, r-devel-linux-x86_64-fedora-gcc, r-devel-windows-x86_64