CRAN Package Check Results for Package rootSolve

Last updated on 2021-06-13 08:49:31 CEST.

Flavor Version Tinstall Tcheck Ttotal Status Flags
r-devel-linux-x86_64-debian-clang 1.8.2.1 14.21 58.84 73.05 NOTE
r-devel-linux-x86_64-debian-gcc 1.8.2.1 9.95 45.01 54.96 NOTE
r-devel-linux-x86_64-fedora-clang 1.8.2.1 94.95 NOTE
r-devel-linux-x86_64-fedora-gcc 1.8.2.1 86.08 NOTE
r-devel-windows-x86_64 1.8.2.1 24.00 66.00 90.00 NOTE
r-devel-windows-x86_64-gcc10-UCRT 1.8.2.1 NOTE
r-patched-linux-x86_64 1.8.2.1 13.50 57.88 71.38 NOTE
r-patched-solaris-x86 1.8.2.1 139.60 NOTE
r-release-linux-x86_64 1.8.2.1 13.41 58.69 72.10 NOTE
r-release-macos-arm64 1.8.2.1 NOTE
r-release-macos-x86_64 1.8.2.1 NOTE
r-release-windows-ix86+x86_64 1.8.2.1 31.00 78.00 109.00 NOTE
r-oldrel-macos-x86_64 1.8.2.1 OK
r-oldrel-windows-ix86+x86_64 1.8.2.1 32.00 71.00 103.00 OK

Additional issues

clang-ASAN gcc-ASAN

Check Details

Version: 1.8.2.1
Check: LazyData
Result: NOTE
     'LazyData' is specified without a 'data' directory
Flavors: r-devel-linux-x86_64-debian-clang, r-devel-linux-x86_64-debian-gcc, r-devel-linux-x86_64-fedora-clang, r-devel-linux-x86_64-fedora-gcc, r-devel-windows-x86_64, r-devel-windows-x86_64-gcc10-UCRT, r-patched-linux-x86_64, r-patched-solaris-x86, r-release-linux-x86_64, r-release-macos-arm64, r-release-macos-x86_64, r-release-windows-ix86+x86_64