CRAN Package Check Results for Package ropendata

Last updated on 2024-05-28 08:54:45 CEST.

Flavor Version Tinstall Tcheck Ttotal Status Flags
r-devel-linux-x86_64-debian-clang 0.1.0 2.22 25.28 27.50 NOTE
r-devel-linux-x86_64-debian-gcc 0.1.0 1.77 19.87 21.64 NOTE
r-devel-linux-x86_64-fedora-clang 0.1.0 35.76 NOTE
r-devel-linux-x86_64-fedora-gcc 0.1.0 33.51 NOTE
r-devel-windows-x86_64 0.1.0 2.00 42.00 44.00 NOTE
r-patched-linux-x86_64 0.1.0 2.42 24.83 27.25 NOTE
r-release-linux-x86_64 0.1.0 1.66 24.79 26.45 NOTE
r-release-macos-arm64 0.1.0 16.00 NOTE
r-release-windows-x86_64 0.1.0 3.00 42.00 45.00 NOTE
r-oldrel-macos-arm64 0.1.0 15.00 NOTE
r-oldrel-macos-x86_64 0.1.0 21.00 NOTE
r-oldrel-windows-x86_64 0.1.0 3.00 45.00 48.00 NOTE

Check Details

Version: 0.1.0
Check: package subdirectories
Result: NOTE Problems with news in ‘NEWS.md’: No news entries found. Flavors: r-devel-linux-x86_64-debian-clang, r-devel-linux-x86_64-debian-gcc, r-devel-linux-x86_64-fedora-clang, r-devel-linux-x86_64-fedora-gcc, r-devel-windows-x86_64, r-patched-linux-x86_64, r-release-linux-x86_64, r-release-macos-arm64, r-release-windows-x86_64, r-oldrel-macos-arm64, r-oldrel-macos-x86_64, r-oldrel-windows-x86_64