CRAN Package Check Results for Package ropercenter

Last updated on 2024-05-22 08:59:41 CEST.

Flavor Version Tinstall Tcheck Ttotal Status Flags
r-devel-linux-x86_64-debian-clang 0.3.2 8.13 60.72 68.85 NOTE
r-devel-linux-x86_64-debian-gcc 0.3.2 5.04 45.55 50.59 NOTE
r-devel-linux-x86_64-fedora-clang 0.3.2 86.47 NOTE
r-devel-linux-x86_64-fedora-gcc 0.3.2 93.09 NOTE
r-devel-windows-x86_64 0.3.2 8.00 70.00 78.00 NOTE
r-patched-linux-x86_64 0.3.2 6.01 58.47 64.48 NOTE
r-release-linux-x86_64 0.3.2 4.39 56.63 61.02 NOTE
r-release-macos-arm64 0.3.2 35.00 NOTE
r-release-windows-x86_64 0.3.2 7.00 71.00 78.00 NOTE
r-oldrel-macos-arm64 0.3.2 33.00 OK
r-oldrel-macos-x86_64 0.3.2 87.00 OK
r-oldrel-windows-x86_64 0.3.2 9.00 74.00 83.00 OK

Check Details

Version: 0.3.2
Check: Rd files
Result: NOTE checkRd: (-1) read_ascii.Rd:33: Lost braces 33 | \item{respondent_pattern}{For use when the file does not contain a line for every card for every respondent (or contains extra lines that correspond to no respondent), a regular expression that matches the file's respondent identifier; e.g., if the respondent number is stored in the first four digits of each line, preceded by a space, "(?<=^\\s)\\d{4}".} | ^ Flavors: r-devel-linux-x86_64-debian-clang, r-devel-linux-x86_64-debian-gcc, r-devel-linux-x86_64-fedora-clang, r-devel-linux-x86_64-fedora-gcc, r-devel-windows-x86_64, r-patched-linux-x86_64, r-release-linux-x86_64, r-release-macos-arm64, r-release-windows-x86_64