Last updated on 2024-03-12 07:50:06 CET.
Flavor | Version | Tinstall | Tcheck | Ttotal | Status | Flags |
---|---|---|---|---|---|---|
r-devel-linux-x86_64-debian-clang | 0.3.12 | 17.45 | 114.52 | 131.97 | OK | |
r-devel-linux-x86_64-debian-gcc | 0.3.12 | 13.17 | 87.06 | 100.23 | OK | |
r-devel-linux-x86_64-fedora-clang | 0.3.12 | 164.97 | OK | |||
r-devel-linux-x86_64-fedora-gcc | 0.3.12 | 169.86 | OK | |||
r-devel-windows-x86_64 | 0.3.12 | 15.00 | 111.00 | 126.00 | OK | |
r-patched-linux-x86_64 | 0.3.12 | 25.55 | 113.20 | 138.75 | OK | |
r-release-linux-x86_64 | 0.3.12 | 13.29 | 113.44 | 126.73 | OK | |
r-release-macos-arm64 | 0.3.12 | 48.00 | OK | |||
r-release-macos-x86_64 | 0.3.12 | 73.00 | NOTE | |||
r-release-windows-x86_64 | 0.3.12 | 19.00 | 133.00 | 152.00 | OK | |
r-oldrel-macos-arm64 | 0.3.12 | 33.00 | OK | |||
r-oldrel-windows-x86_64 | 0.3.12 | 19.00 | 131.00 | 150.00 | OK |
Version: 0.3.12
Check: package dependencies
Result: NOTE
Package suggested but not available for checking: ‘MBESS’
Flavor: r-release-macos-x86_64