Last updated on 2024-04-24 07:57:52 CEST.
Flavor | Version | Tinstall | Tcheck | Ttotal | Status | Flags |
---|---|---|---|---|---|---|
r-devel-linux-x86_64-debian-clang | 0.3.0 | 4.29 | 51.55 | 55.84 | NOTE | |
r-devel-linux-x86_64-debian-gcc | 0.3.0 | 3.30 | 36.72 | 40.02 | NOTE | |
r-devel-linux-x86_64-fedora-clang | 0.3.0 | 65.87 | NOTE | |||
r-devel-linux-x86_64-fedora-gcc | 0.3.0 | 62.11 | NOTE | |||
r-prerel-macos-arm64 | 0.3.0 | 25.00 | NOTE | |||
r-prerel-windows-x86_64 | 0.3.0 | 4.00 | 56.00 | 60.00 | NOTE | |
r-patched-linux-x86_64 | 0.3.0 | 3.73 | 47.07 | 50.80 | NOTE | |
r-release-linux-x86_64 | 0.3.0 | 3.54 | 47.98 | 51.52 | OK | |
r-release-macos-arm64 | 0.3.0 | 26.00 | OK | |||
r-release-macos-x86_64 | 0.3.0 | 53.00 | OK | |||
r-release-windows-x86_64 | 0.3.0 | 6.00 | 59.00 | 65.00 | OK | |
r-oldrel-macos-arm64 | 0.3.0 | 27.00 | OK | |||
r-oldrel-windows-x86_64 | 0.3.0 | 6.00 | 61.00 | 67.00 | OK |
Version: 0.3.0
Check: Rd files
Result: NOTE
checkRd: (-1) osm_url_spec.Rd:23: Lost braces; missing escapes or markup?
23 | \item{server_url}{A url using `{x}`, `{y}`, and `{z}` for the x, y, and
| ^
checkRd: (-1) osm_url_spec.Rd:23: Lost braces; missing escapes or markup?
23 | \item{server_url}{A url using `{x}`, `{y}`, and `{z}` for the x, y, and
| ^
checkRd: (-1) osm_url_spec.Rd:23: Lost braces; missing escapes or markup?
23 | \item{server_url}{A url using `{x}`, `{y}`, and `{z}` for the x, y, and
| ^
Flavors: r-devel-linux-x86_64-debian-clang, r-devel-linux-x86_64-debian-gcc, r-devel-linux-x86_64-fedora-clang, r-devel-linux-x86_64-fedora-gcc, r-prerel-macos-arm64, r-prerel-windows-x86_64, r-patched-linux-x86_64