Last updated on 2024-03-12 07:50:06 CET.
Flavor | Version | Tinstall | Tcheck | Ttotal | Status | Flags |
---|---|---|---|---|---|---|
r-devel-linux-x86_64-debian-clang | 1.6.5 | 127.74 | 106.55 | 234.29 | NOTE | |
r-devel-linux-x86_64-debian-gcc | 1.6.5 | 100.32 | 80.95 | 181.27 | NOTE | |
r-devel-linux-x86_64-fedora-clang | 1.6.5 | 328.93 | NOTE | |||
r-devel-linux-x86_64-fedora-gcc | 1.6.5 | 341.26 | NOTE | |||
r-devel-windows-x86_64 | 1.6.5 | 102.00 | 163.00 | 265.00 | NOTE | |
r-patched-linux-x86_64 | 1.6.5 | 126.62 | 103.37 | 229.99 | NOTE | |
r-release-linux-x86_64 | 1.6.5 | 130.00 | 102.31 | 232.31 | NOTE | |
r-release-macos-arm64 | 1.6.5 | 89.00 | NOTE | |||
r-release-macos-x86_64 | 1.6.5 | 140.00 | NOTE | |||
r-release-windows-x86_64 | 1.6.5 | 129.00 | 176.00 | 305.00 | NOTE | |
r-oldrel-macos-arm64 | 1.6.5 | 83.00 | NOTE | |||
r-oldrel-windows-x86_64 | 1.6.5 | 124.00 | 166.00 | 290.00 | NOTE |
Version: 1.6.5
Check: C++ specification
Result: NOTE
Specified C++11: please drop specification unless essential
Flavors: r-devel-linux-x86_64-debian-clang, r-devel-linux-x86_64-debian-gcc, r-devel-linux-x86_64-fedora-clang, r-devel-linux-x86_64-fedora-gcc, r-devel-windows-x86_64, r-patched-linux-x86_64, r-release-linux-x86_64, r-release-macos-arm64, r-release-macos-x86_64, r-release-windows-x86_64
Version: 1.6.5
Check: installed package size
Result: NOTE
installed size is 5.9Mb
sub-directories of 1Mb or more:
R 2.0Mb
data 2.7Mb
Flavors: r-devel-linux-x86_64-fedora-clang, r-devel-windows-x86_64, r-release-macos-arm64, r-release-macos-x86_64, r-release-windows-x86_64, r-oldrel-macos-arm64, r-oldrel-windows-x86_64