CRAN Package Check Results for Package rpart

Last updated on 2021-04-14 08:48:30 CEST.

Flavor Version Tinstall Tcheck Ttotal Status Flags
r-devel-linux-x86_64-debian-clang 4.1-15 11.13 71.56 82.69 OK
r-devel-linux-x86_64-debian-gcc 4.1-15 7.54 54.77 62.31 OK
r-devel-linux-x86_64-fedora-clang 4.1-15 111.06 NOTE
r-devel-linux-x86_64-fedora-gcc 4.1-15 98.85 OK
r-devel-windows-ix86+x86_64 4.1-15 41.00 116.00 157.00 OK
r-devel-windows-x86_64-gcc10-UCRT 4.1-15 OK
r-patched-linux-x86_64 4.1-15 8.01 67.70 75.71 OK
r-patched-solaris-x86 4.1-15 OK
r-release-linux-x86_64 4.1-15 9.02 68.18 77.20 OK
r-release-macos-x86_64 4.1-15 OK
r-release-windows-ix86+x86_64 4.1-15 36.00 122.00 158.00 OK
r-oldrel-macos-x86_64 4.1-15 OK
r-oldrel-windows-ix86+x86_64 4.1-15 38.00 84.00 122.00 OK

Check Details

Version: 4.1-15
Check: Rd cross-references
Result: NOTE
    Undeclared package ‘tree’ in Rd xrefs
Flavor: r-devel-linux-x86_64-fedora-clang