Last updated on 2024-08-31 08:48:22 CEST.
Flavor | Version | Tinstall | Tcheck | Ttotal | Status | Flags |
---|---|---|---|---|---|---|
r-devel-linux-x86_64-debian-clang | 3.1.2 | 8.35 | 48.42 | 56.77 | NOTE | |
r-devel-linux-x86_64-debian-gcc | 3.1.2 | 5.52 | 33.30 | 38.82 | NOTE | |
r-devel-linux-x86_64-fedora-clang | 3.1.2 | 94.55 | OK | |||
r-devel-linux-x86_64-fedora-gcc | 3.1.2 | 88.88 | OK | |||
r-devel-windows-x86_64 | 3.1.2 | 11.00 | 62.00 | 73.00 | NOTE | |
r-patched-linux-x86_64 | 3.1.2 | 9.05 | 45.75 | 54.80 | OK | |
r-release-linux-x86_64 | 3.1.2 | 7.87 | 45.62 | 53.49 | OK | |
r-release-macos-arm64 | 3.1.2 | 28.00 | OK | |||
r-release-macos-x86_64 | 3.1.2 | 40.00 | OK | |||
r-release-windows-x86_64 | 3.1.2 | 10.00 | 70.00 | 80.00 | OK | |
r-oldrel-macos-arm64 | 3.1.2 | 45.00 | OK | |||
r-oldrel-macos-x86_64 | 3.1.2 | 88.00 | OK | |||
r-oldrel-windows-x86_64 | 3.1.2 | 9.00 | 70.00 | 79.00 | OK |
Version: 3.1.2
Check: Rd cross-references
Result: NOTE
Found the following Rd file(s) with Rd \link{} targets missing package
anchors:
prp.Rd: rpart, rpart.object, text.rpart, plot.rpart
rpart.plot.Rd: rpart, text.rpart, plot.rpart
rpart.predict.Rd: predict.rpart
rpart.rules.Rd: rpart
Please provide package anchors for all Rd \link{} targets not in the
package itself and the base packages.
Flavors: r-devel-linux-x86_64-debian-clang, r-devel-linux-x86_64-debian-gcc, r-devel-windows-x86_64