Last updated on 2024-08-31 08:48:22 CEST.
Flavor | Version | Tinstall | Tcheck | Ttotal | Status | Flags |
---|---|---|---|---|---|---|
r-devel-linux-x86_64-debian-clang | 0.5.1 | 60.05 | 45.33 | 105.38 | OK | |
r-devel-linux-x86_64-debian-gcc | 0.5.1 | 44.31 | 32.46 | 76.77 | OK | |
r-devel-linux-x86_64-fedora-clang | 0.5.1 | 176.05 | OK | |||
r-devel-linux-x86_64-fedora-gcc | 0.5.1 | 202.77 | OK | |||
r-devel-windows-x86_64 | 0.5.1 | 63.00 | 91.00 | 154.00 | NOTE | |
r-patched-linux-x86_64 | 0.5.1 | 61.33 | 43.67 | 105.00 | OK | |
r-release-linux-x86_64 | 0.5.1 | 58.54 | 43.55 | 102.09 | OK | |
r-release-macos-arm64 | 0.5.1 | 49.00 | NOTE | |||
r-release-macos-x86_64 | 0.5.1 | 67.00 | NOTE | |||
r-release-windows-x86_64 | 0.5.1 | 64.00 | 102.00 | 166.00 | NOTE | |
r-oldrel-macos-arm64 | 0.5.1 | 55.00 | NOTE | |||
r-oldrel-macos-x86_64 | 0.5.1 | 96.00 | NOTE | |||
r-oldrel-windows-x86_64 | 0.5.1 | 75.00 | 100.00 | 175.00 | NOTE |
Version: 0.5.1
Check: installed package size
Result: NOTE
installed size is 5.1Mb
sub-directories of 1Mb or more:
data 2.3Mb
libs 1.3Mb
Flavors: r-devel-windows-x86_64, r-release-macos-arm64, r-release-macos-x86_64, r-release-windows-x86_64, r-oldrel-macos-arm64, r-oldrel-macos-x86_64, r-oldrel-windows-x86_64