CRAN Package Check Results for Package rr2

Last updated on 2024-05-18 08:57:59 CEST.

Flavor Version Tinstall Tcheck Ttotal Status Flags
r-devel-linux-x86_64-debian-clang 1.1.1 13.21 119.90 133.11 NOTE
r-devel-linux-x86_64-debian-gcc 1.1.1 10.70 88.66 99.36 NOTE
r-devel-linux-x86_64-fedora-clang 1.1.1 435.00 NOTE
r-devel-linux-x86_64-fedora-gcc 1.1.1 513.31 NOTE
r-devel-windows-x86_64 1.1.1 48.00 413.00 461.00 NOTE
r-patched-linux-x86_64 1.1.1 14.21 115.79 130.00 NOTE
r-release-linux-x86_64 1.1.1 9.79 116.14 125.93 NOTE
r-release-macos-arm64 1.1.1 51.00 NOTE
r-release-windows-x86_64 1.1.1 47.00 418.00 465.00 NOTE
r-oldrel-macos-arm64 1.1.1 61.00 OK
r-oldrel-macos-x86_64 1.1.1 101.00 OK
r-oldrel-windows-x86_64 1.1.1 16.00 121.00 137.00 OK

Check Details

Version: 1.1.1
Check: Rd files
Result: NOTE checkRd: (-1) R2_lik.Rd:37: Lost braces; missing escapes or markup? 37 | \code{R2_lik()} is also computed for LMMs and GLMMs in the {MuMIn} package. | ^ checkRd: (-1) R2_pred.Rd:32: Lost braces; missing escapes or markup? 32 | Note that the version of \code{binaryPGLMM()} in the package ape is replaced by a version contained within {rr2} that outputs all of the required information for the calculation of R2_resid. | ^ checkRd: (-1) R2_resid.Rd:69: Lost braces; missing escapes or markup? 69 | Note that the version of \code{binaryPGLMM()} in the package ape is replaced by a version contained within {rr2} that outputs all of the required information for the calculation of \code{R2_resid()} | ^ Flavors: r-devel-linux-x86_64-debian-clang, r-devel-linux-x86_64-debian-gcc, r-devel-linux-x86_64-fedora-clang, r-devel-linux-x86_64-fedora-gcc, r-devel-windows-x86_64, r-patched-linux-x86_64, r-release-linux-x86_64, r-release-macos-arm64, r-release-windows-x86_64