Last updated on 2024-04-19 08:54:53 CEST.
Flavor | Version | Tinstall | Tcheck | Ttotal | Status | Flags |
---|---|---|---|---|---|---|
r-devel-linux-x86_64-debian-clang | 0.1-13 | 118.17 | 121.77 | 239.94 | NOTE | |
r-devel-linux-x86_64-debian-gcc | 0.1-13 | NOTE | ||||
r-devel-linux-x86_64-fedora-clang | 0.1-13 | 341.81 | NOTE | |||
r-devel-linux-x86_64-fedora-gcc | 0.1-13 | 335.84 | NOTE | |||
r-prerel-macos-arm64 | 0.1-13 | 68.00 | NOTE | |||
r-prerel-windows-x86_64 | 0.1-13 | 96.00 | 115.00 | 211.00 | NOTE | |
r-patched-linux-x86_64 | 0.1-13 | 118.19 | 117.29 | 235.48 | NOTE | |
r-release-linux-x86_64 | 0.1-13 | 117.79 | 118.80 | 236.59 | NOTE | |
r-release-macos-arm64 | 0.1-13 | 80.00 | NOTE | |||
r-release-macos-x86_64 | 0.1-13 | 140.00 | NOTE | |||
r-release-windows-x86_64 | 0.1-13 | 119.00 | 148.00 | 267.00 | NOTE | |
r-oldrel-macos-arm64 | 0.1-13 | 75.00 | OK | |||
r-oldrel-windows-x86_64 | 0.1-13 | 119.00 | 142.00 | 261.00 | OK |
Version: 0.1-13
Check: C++ specification
Result: NOTE
Specified C++11: please drop specification unless essential
Flavors: r-devel-linux-x86_64-debian-clang, r-devel-linux-x86_64-debian-gcc, r-devel-linux-x86_64-fedora-clang, r-devel-linux-x86_64-fedora-gcc, r-prerel-macos-arm64, r-prerel-windows-x86_64, r-patched-linux-x86_64, r-release-linux-x86_64, r-release-macos-arm64, r-release-macos-x86_64, r-release-windows-x86_64
Version: 0.1-13
Check: Rd files
Result: NOTE
checkRd: (-1) mrrr.Rd:67: Lost braces in \itemize; meant \describe ?
checkRd: (-1) mrrr.Rd:68: Lost braces in \itemize; meant \describe ?
checkRd: (-1) mrrr.Rd:69-70: Lost braces in \itemize; meant \describe ?
checkRd: (-1) mrrr.Rd:71-72: Lost braces in \itemize; meant \describe ?
checkRd: (-1) mrrr.Rd:73: Lost braces in \itemize; meant \describe ?
checkRd: (-1) mrrr.Rd:74: Lost braces in \itemize; meant \describe ?
Flavors: r-devel-linux-x86_64-debian-clang, r-devel-linux-x86_64-debian-gcc, r-devel-linux-x86_64-fedora-clang, r-devel-linux-x86_64-fedora-gcc, r-prerel-macos-arm64, r-prerel-windows-x86_64, r-patched-linux-x86_64