CRAN Package Check Results for Package rsm

Last updated on 2021-04-23 08:47:37 CEST.

Flavor Version Tinstall Tcheck Ttotal Status Flags
r-devel-linux-x86_64-debian-clang 2.10.2 3.94 101.53 105.47 NOTE
r-devel-linux-x86_64-debian-gcc 2.10.2 3.57 76.67 80.24 NOTE
r-devel-linux-x86_64-fedora-clang 2.10.2 134.12 NOTE
r-devel-linux-x86_64-fedora-gcc 2.10.2 131.71 NOTE
r-devel-windows-ix86+x86_64 2.10.2 19.00 133.00 152.00 NOTE
r-devel-windows-x86_64-gcc10-UCRT 2.10.2 NOTE
r-patched-linux-x86_64 2.10.2 5.66 98.35 104.01 NOTE
r-patched-solaris-x86 2.10.2 172.70 OK
r-release-linux-x86_64 2.10.2 5.39 93.70 99.09 OK
r-release-macos-x86_64 2.10.2 OK
r-release-windows-ix86+x86_64 2.10.2 19.00 147.00 166.00 OK
r-oldrel-macos-x86_64 2.10.2 OK
r-oldrel-windows-ix86+x86_64 2.10.2 14.00 126.00 140.00 OK

Check Details

Version: 2.10.2
Check: LazyData
Result: NOTE
     'LazyData' is specified without a 'data' directory
Flavors: r-devel-linux-x86_64-debian-clang, r-devel-linux-x86_64-debian-gcc, r-devel-linux-x86_64-fedora-clang, r-devel-linux-x86_64-fedora-gcc, r-devel-windows-ix86+x86_64, r-devel-windows-x86_64-gcc10-UCRT, r-patched-linux-x86_64