CRAN Package Check Results for Package rsprite2

Last updated on 2023-02-05 07:57:34 CET.

Flavor Version Tinstall Tcheck Ttotal Status Flags
r-devel-linux-x86_64-debian-clang 0.2.0 2.43 35.33 37.76 OK
r-devel-linux-x86_64-debian-gcc 0.2.0 1.87 27.19 29.06 OK
r-devel-linux-x86_64-fedora-clang 0.2.0 49.55 OK
r-devel-linux-x86_64-fedora-gcc 0.2.0 46.56 OK
r-devel-windows-x86_64 0.2.0 9.00 64.00 73.00 OK
r-patched-linux-x86_64 0.2.0 3.06 35.03 38.09 OK
r-release-linux-x86_64 0.2.0 3.15 35.43 38.58 OK
r-release-macos-arm64 0.2.0 19.00 OK
r-release-macos-x86_64 0.2.0 27.00 OK
r-release-windows-x86_64 0.2.0 17.00 68.00 85.00 OK
r-oldrel-macos-arm64 0.2.0 22.00 OK
r-oldrel-macos-x86_64 0.2.0 31.00 OK
r-oldrel-windows-ix86+x86_64 0.2.0 7.00 85.00 92.00 WARN

Check Details

Version: 0.2.0
Check: for unstated dependencies in ‘tests’
Result: WARN
    Warning: unable to access index for repository https://bioconductor.org/packages/3.14/bioc/src/contrib:
     cannot open URL 'https://bioconductor.org/packages/3.14/bioc/src/contrib/PACKAGES'
    Warning: unable to access index for repository https://bioconductor.org/packages/3.14/data/annotation/src/contrib:
     cannot open URL 'https://bioconductor.org/packages/3.14/data/annotation/src/contrib/PACKAGES'
    Warning: unable to access index for repository https://bioconductor.org/packages/3.14/data/experiment/src/contrib:
     cannot open URL 'https://bioconductor.org/packages/3.14/data/experiment/src/contrib/PACKAGES'
Flavor: r-oldrel-windows-ix86+x86_64