CRAN Package Check Results for Package rticles

Last updated on 2021-06-25 09:52:59 CEST.

Flavor Version Tinstall Tcheck Ttotal Status Flags
r-devel-linux-x86_64-debian-clang 0.19 3.76 33.66 37.42 NOTE
r-devel-linux-x86_64-debian-gcc 0.20 3.09 25.97 29.06 NOTE
r-devel-linux-x86_64-fedora-clang 0.20 52.04 NOTE
r-devel-linux-x86_64-fedora-gcc 0.20 42.26 NOTE
r-devel-windows-x86_64 0.20 7.00 50.00 57.00 NOTE
r-devel-windows-x86_64-gcc10-UCRT 0.19 NOTE
r-patched-linux-x86_64 0.20 5.54 32.59 38.13 NOTE
r-patched-solaris-x86 0.20 63.90 NOTE
r-release-linux-x86_64 0.19 3.93 32.07 36.00 NOTE
r-release-macos-arm64 0.19 NOTE
r-release-macos-x86_64 0.19 NOTE
r-release-windows-ix86+x86_64 0.20 7.00 37.00 44.00 NOTE
r-oldrel-macos-x86_64 0.19 NOTE
r-oldrel-windows-ix86+x86_64 0.19 8.00 50.00 58.00 NOTE

Check Details

Version: 0.19
Check: for GNU extensions in Makefiles
Result: NOTE
    GNU make is a SystemRequirements.
Flavors: r-devel-linux-x86_64-debian-clang, r-devel-windows-x86_64-gcc10-UCRT, r-release-linux-x86_64, r-release-macos-arm64, r-release-macos-x86_64, r-oldrel-macos-x86_64, r-oldrel-windows-ix86+x86_64

Version: 0.20
Check: for GNU extensions in Makefiles
Result: NOTE
    GNU make is a SystemRequirements.
Flavors: r-devel-linux-x86_64-debian-gcc, r-devel-linux-x86_64-fedora-clang, r-devel-linux-x86_64-fedora-gcc, r-devel-windows-x86_64, r-patched-linux-x86_64, r-patched-solaris-x86, r-release-windows-ix86+x86_64

Version: 0.20
Check: installed package size
Result: NOTE
     installed size is 5.3Mb
     sub-directories of 1Mb or more:
     rmarkdown 5.1Mb
Flavors: r-devel-linux-x86_64-fedora-clang, r-patched-solaris-x86