CRAN Package Check Results for Package rugarch

Last updated on 2021-05-14 09:51:06 CEST.

Flavor Version Tinstall Tcheck Ttotal Status Flags
r-devel-linux-x86_64-debian-clang 1.4-4 99.12 343.98 443.10 OK
r-devel-linux-x86_64-debian-gcc 1.4-4 72.94 248.16 321.10 OK
r-devel-linux-x86_64-fedora-clang 1.4-4 576.13 NOTE
r-devel-linux-x86_64-fedora-gcc 1.4-4 529.98 OK
r-devel-windows-ix86+x86_64 1.4-4 180.00 304.00 484.00 NOTE
r-devel-windows-x86_64-gcc10-UCRT 1.4-4 OK
r-patched-linux-x86_64 1.4-4 89.09 329.52 418.61 OK
r-patched-solaris-x86 1.4-4 576.00 NOTE
r-release-linux-x86_64 1.4-4 82.33 303.30 385.63 OK
r-release-macos-x86_64 1.4-4 NOTE
r-release-windows-ix86+x86_64 1.4-4 123.00 406.00 529.00 NOTE
r-oldrel-macos-x86_64 1.4-4 NOTE
r-oldrel-windows-ix86+x86_64 1.4-4 163.00 279.00 442.00 NOTE

Check Details

Version: 1.4-4
Check: installed package size
Result: NOTE
     installed size is 7.4Mb
     sub-directories of 1Mb or more:
     R 3.0Mb
     libs 2.1Mb
Flavors: r-devel-linux-x86_64-fedora-clang, r-devel-windows-ix86+x86_64, r-patched-solaris-x86, r-release-macos-x86_64, r-release-windows-ix86+x86_64, r-oldrel-macos-x86_64, r-oldrel-windows-ix86+x86_64