CRAN Package Check Results for Package runner

Last updated on 2021-05-10 08:49:25 CEST.

Flavor Version Tinstall Tcheck Ttotal Status Flags
r-devel-linux-x86_64-debian-clang 0.4.0 66.52 41.13 107.65 OK
r-devel-linux-x86_64-debian-gcc 0.4.0 44.60 32.58 77.18 OK
r-devel-linux-x86_64-fedora-clang 0.4.0 165.91 OK
r-devel-linux-x86_64-fedora-gcc 0.4.0 137.58 OK
r-devel-windows-ix86+x86_64 0.4.0 127.00 6.00 133.00 ERROR
r-devel-windows-x86_64-gcc10-UCRT 0.4.0 OK
r-patched-linux-x86_64 0.4.0 52.40 40.81 93.21 OK
r-patched-solaris-x86 0.4.0 158.10 OK
r-release-linux-x86_64 0.4.0 52.83 39.55 92.38 OK
r-release-macos-x86_64 0.4.0 OK
r-release-windows-ix86+x86_64 0.4.0 130.00 77.00 207.00 OK
r-oldrel-macos-x86_64 0.4.0 OK
r-oldrel-windows-ix86+x86_64 0.4.0 170.00 95.00 265.00 OK

Check Details

Version: 0.4.0
Check: whether package can be installed
Result: ERROR
    Installation failed.
    See *
Flavor: r-devel-windows-ix86+x86_64