Last updated on 2024-04-24 07:57:52 CEST.
Flavor | Version | Tinstall | Tcheck | Ttotal | Status | Flags |
---|---|---|---|---|---|---|
r-devel-linux-x86_64-debian-clang | 3.6.2 | 8.10 | 84.78 | 92.88 | OK | |
r-devel-linux-x86_64-debian-gcc | 3.6.2 | 7.81 | 61.84 | 69.65 | OK | |
r-devel-linux-x86_64-fedora-clang | 3.6.2 | 120.75 | NOTE | |||
r-devel-linux-x86_64-fedora-gcc | 3.6.2 | 128.86 | OK | |||
r-prerel-macos-arm64 | 3.6.2 | 72.00 | OK | |||
r-prerel-windows-x86_64 | 3.6.2 | 12.00 | 86.00 | 98.00 | OK | |
r-patched-linux-x86_64 | 3.6.2 | 9.32 | 79.85 | 89.17 | OK | |
r-release-linux-x86_64 | 3.6.2 | 8.93 | 79.11 | 88.04 | OK | |
r-release-macos-arm64 | 3.6.2 | 67.00 | OK | |||
r-release-macos-x86_64 | 3.6.2 | 82.00 | OK | |||
r-release-windows-x86_64 | 3.6.2 | 13.00 | 98.00 | 111.00 | OK | |
r-oldrel-macos-arm64 | 3.6.2 | 54.00 | OK | |||
r-oldrel-windows-x86_64 | 3.6.2 | 13.00 | 98.00 | 111.00 | OK |
Version: 3.6.2
Check: Rd cross-references
Result: NOTE
Undeclared package ‘rym’ in Rd xrefs
Flavor: r-devel-linux-x86_64-fedora-clang