Last updated on 2025-01-26 08:48:37 CET.
Flavor | Version | Tinstall | Tcheck | Ttotal | Status | Flags |
---|---|---|---|---|---|---|
r-devel-linux-x86_64-debian-clang | 0.2.2 | 6.17 | 47.03 | 53.20 | OK | |
r-devel-linux-x86_64-debian-gcc | 0.2.2 | 4.82 | 32.89 | 37.71 | OK | |
r-devel-linux-x86_64-fedora-clang | 0.2.2 | 90.23 | NOTE | |||
r-devel-linux-x86_64-fedora-gcc | 0.2.2 | 100.45 | NOTE | |||
r-devel-windows-x86_64 | 0.2.2 | 9.00 | 64.00 | 73.00 | OK | |
r-patched-linux-x86_64 | 0.2.2 | 8.18 | 44.33 | 52.51 | OK | |
r-release-linux-x86_64 | 0.2.2 | 7.51 | 44.40 | 51.91 | OK | |
r-release-macos-arm64 | 0.2.2 | 30.00 | OK | |||
r-release-macos-x86_64 | 0.2.2 | 48.00 | OK | |||
r-release-windows-x86_64 | 0.2.2 | 10.00 | 66.00 | 76.00 | OK | |
r-oldrel-macos-arm64 | 0.2.2 | 32.00 | OK | |||
r-oldrel-macos-x86_64 | 0.2.2 | 70.00 | OK | |||
r-oldrel-windows-x86_64 | 0.2.2 | 10.00 | 71.00 | 81.00 | OK |
Version: 0.2.2
Check: dependencies in R code
Result: NOTE
Namespaces in Imports field not imported from:
‘CARBayesdata’ ‘MASS’ ‘nimble’
All declared Imports should be used.
Flavors: r-devel-linux-x86_64-fedora-clang, r-devel-linux-x86_64-fedora-gcc