Last updated on 2024-03-12 07:50:06 CET.
Flavor | Version | Tinstall | Tcheck | Ttotal | Status | Flags |
---|---|---|---|---|---|---|
r-devel-linux-x86_64-debian-clang | 1.1.3 | 4.95 | 63.69 | 68.64 | NOTE | |
r-devel-linux-x86_64-debian-gcc | 1.1.3 | 2.97 | 49.06 | 52.03 | NOTE | |
r-devel-linux-x86_64-fedora-clang | 1.1.3 | 88.37 | NOTE | |||
r-devel-linux-x86_64-fedora-gcc | 1.1.3 | 94.94 | NOTE | |||
r-devel-windows-x86_64 | 1.1.3 | 6.00 | 108.00 | 114.00 | NOTE | |
r-patched-linux-x86_64 | 1.1.3 | 3.28 | 62.68 | 65.96 | OK | |
r-release-linux-x86_64 | 1.1.3 | 2.73 | 62.91 | 65.64 | OK | |
r-release-macos-arm64 | 1.1.3 | 42.00 | OK | |||
r-release-macos-x86_64 | 1.1.3 | 91.00 | OK | |||
r-release-windows-x86_64 | 1.1.3 | 6.00 | 110.00 | 116.00 | OK | |
r-oldrel-macos-arm64 | 1.1.3 | 37.00 | OK | |||
r-oldrel-windows-x86_64 | 1.1.3 | 7.00 | 114.00 | 121.00 | OK |
Version: 1.1.3
Check: Rd \usage sections
Result: NOTE
Documented arguments not in \usage in Rd file 'file_status.Rd':
‘A’
Functions with \usage entries need to have the appropriate \alias
entries, and all their arguments documented.
The \usage entries must correspond to syntactically valid R code.
See chapter ‘Writing R documentation files’ in the ‘Writing R
Extensions’ manual.
Flavors: r-devel-linux-x86_64-debian-clang, r-devel-linux-x86_64-debian-gcc, r-devel-linux-x86_64-fedora-clang, r-devel-linux-x86_64-fedora-gcc, r-devel-windows-x86_64