Last updated on 2024-05-05 08:53:05 CEST.
Flavor | Version | Tinstall | Tcheck | Ttotal | Status | Flags |
---|---|---|---|---|---|---|
r-devel-linux-x86_64-debian-clang | 1.0.1 | 34.65 | 223.42 | 258.07 | NOTE | |
r-devel-linux-x86_64-debian-gcc | 1.0.1 | 17.29 | 161.85 | 179.14 | NOTE | |
r-devel-linux-x86_64-fedora-clang | 1.0.1 | 303.23 | NOTE | |||
r-devel-linux-x86_64-fedora-gcc | 1.0.1 | 305.19 | NOTE | |||
r-devel-windows-x86_64 | 1.0.1 | 24.00 | 246.00 | 270.00 | NOTE | |
r-patched-linux-x86_64 | 1.0.1 | 28.80 | 207.01 | 235.81 | NOTE | |
r-release-linux-x86_64 | 1.0.1 | 13.70 | 205.65 | 219.35 | NOTE | |
r-release-macos-arm64 | 1.0.1 | 94.00 | NOTE | |||
r-release-windows-x86_64 | 1.0.1 | 21.00 | 250.00 | 271.00 | NOTE | |
r-oldrel-macos-arm64 | 1.0.1 | 80.00 | OK | |||
r-oldrel-macos-x86_64 | 1.0.1 | 131.00 | OK | |||
r-oldrel-windows-x86_64 | 1.0.1 | 26.00 | 246.00 | 272.00 | OK |
Version: 1.0.1
Check: Rd files
Result: NOTE
checkRd: (-1) sf_get_all_jobs_bulk.Rd:42-43: Lost braces in \itemize; meant \describe ?
checkRd: (-1) sf_get_all_jobs_bulk.Rd:44-46: Lost braces in \itemize; meant \describe ?
checkRd: (-1) sf_get_all_query_jobs_bulk.Rd:43-44: Lost braces in \itemize; meant \describe ?
checkRd: (-1) sf_get_all_query_jobs_bulk.Rd:45-47: Lost braces in \itemize; meant \describe ?
checkRd: (-1) sf_get_all_query_jobs_bulk.Rd:48-50: Lost braces in \itemize; meant \describe ?
checkRd: (-1) valid_metadata_list.Rd:10: Lost braces
10 | code{list}; contains name and valid inputs for data types
| ^
Flavors: r-devel-linux-x86_64-debian-clang, r-devel-linux-x86_64-debian-gcc, r-devel-linux-x86_64-fedora-clang, r-devel-linux-x86_64-fedora-gcc, r-devel-windows-x86_64, r-patched-linux-x86_64, r-release-linux-x86_64, r-release-macos-arm64, r-release-windows-x86_64