Last updated on 2024-03-12 07:50:06 CET.
Flavor | Version | Tinstall | Tcheck | Ttotal | Status | Flags |
---|---|---|---|---|---|---|
r-devel-linux-x86_64-debian-clang | 0.1.0 | 9.54 | 99.43 | 108.97 | NOTE | |
r-devel-linux-x86_64-debian-gcc | 0.1.0 | 8.77 | 75.75 | 84.52 | NOTE | |
r-devel-linux-x86_64-fedora-clang | 0.1.0 | 139.03 | NOTE | |||
r-devel-linux-x86_64-fedora-gcc | 0.1.0 | 130.94 | NOTE | |||
r-devel-windows-x86_64 | 0.1.0 | 10.00 | 88.00 | 98.00 | NOTE | |
r-patched-linux-x86_64 | 0.1.0 | 9.95 | 97.42 | 107.37 | NOTE | |
r-release-linux-x86_64 | 0.1.0 | 10.18 | 97.57 | 107.75 | NOTE | |
r-release-macos-arm64 | 0.1.0 | 42.00 | NOTE | |||
r-release-macos-x86_64 | 0.1.0 | 72.00 | NOTE | |||
r-release-windows-x86_64 | 0.1.0 | 13.00 | 103.00 | 116.00 | NOTE | |
r-oldrel-macos-arm64 | 0.1.0 | 38.00 | NOTE | |||
r-oldrel-windows-x86_64 | 0.1.0 | 13.00 | 107.00 | 120.00 | NOTE |
Version: 0.1.0
Check: LazyData
Result: NOTE
'LazyData' is specified without a 'data' directory
Flavors: r-devel-linux-x86_64-debian-clang, r-devel-linux-x86_64-debian-gcc, r-devel-linux-x86_64-fedora-clang, r-devel-linux-x86_64-fedora-gcc, r-devel-windows-x86_64, r-patched-linux-x86_64, r-release-linux-x86_64, r-release-macos-arm64, r-release-macos-x86_64, r-release-windows-x86_64, r-oldrel-macos-arm64, r-oldrel-windows-x86_64