Last updated on 2024-03-12 07:50:06 CET.
Flavor | Version | Tinstall | Tcheck | Ttotal | Status | Flags |
---|---|---|---|---|---|---|
r-devel-linux-x86_64-debian-clang | 0.1.0 | 95.99 | 140.58 | 236.57 | NOTE | |
r-devel-linux-x86_64-debian-gcc | 0.1.0 | 70.51 | 107.61 | 178.12 | NOTE | |
r-devel-linux-x86_64-fedora-clang | 0.1.0 | 313.40 | NOTE | |||
r-devel-linux-x86_64-fedora-gcc | 0.1.0 | 320.67 | NOTE | |||
r-devel-windows-x86_64 | 0.1.0 | 68.00 | 146.00 | 214.00 | NOTE | |
r-patched-linux-x86_64 | 0.1.0 | 85.67 | 137.80 | 223.47 | NOTE | |
r-release-linux-x86_64 | 0.1.0 | 86.09 | 137.74 | 223.83 | NOTE | |
r-release-macos-arm64 | 0.1.0 | 85.00 | NOTE | |||
r-release-macos-x86_64 | 0.1.0 | 156.00 | NOTE | |||
r-release-windows-x86_64 | 0.1.0 | 87.00 | 172.00 | 259.00 | NOTE | |
r-oldrel-macos-arm64 | 0.1.0 | 82.00 | NOTE | |||
r-oldrel-windows-x86_64 | 0.1.0 | 84.00 | 173.00 | 257.00 | NOTE |
Version: 0.1.0
Check: C++ specification
Result: NOTE
Specified C++11: please drop specification unless essential
Flavors: r-devel-linux-x86_64-debian-clang, r-devel-linux-x86_64-debian-gcc, r-devel-linux-x86_64-fedora-clang, r-devel-linux-x86_64-fedora-gcc, r-devel-windows-x86_64, r-patched-linux-x86_64, r-release-linux-x86_64, r-release-macos-arm64, r-release-macos-x86_64, r-release-windows-x86_64
Version: 0.1.0
Check: Rd files
Result: NOTE
checkRd: (-1) ModelHMMR-class.Rd:37: Lost braces; missing escapes or markup?
37 | class {StatHMMR}).
| ^
Flavors: r-devel-linux-x86_64-debian-clang, r-devel-linux-x86_64-debian-gcc, r-devel-linux-x86_64-fedora-clang, r-devel-linux-x86_64-fedora-gcc, r-devel-windows-x86_64
Version: 0.1.0
Check: installed package size
Result: NOTE
installed size is 6.6Mb
sub-directories of 1Mb or more:
doc 2.3Mb
help 3.4Mb
Flavors: r-devel-linux-x86_64-fedora-clang, r-devel-windows-x86_64, r-release-macos-arm64, r-release-macos-x86_64, r-release-windows-x86_64, r-oldrel-macos-arm64, r-oldrel-windows-x86_64