CRAN Package Check Results for Package sankey

Last updated on 2024-05-23 08:56:11 CEST.

Flavor Version Tinstall Tcheck Ttotal Status Flags
r-devel-linux-x86_64-debian-clang 1.0.2 2.52 44.80 47.32 NOTE
r-devel-linux-x86_64-debian-gcc 1.0.2 1.81 32.05 33.86 NOTE
r-devel-linux-x86_64-fedora-clang 1.0.2 59.71 NOTE
r-devel-linux-x86_64-fedora-gcc 1.0.2 55.52 NOTE
r-devel-windows-x86_64 1.0.2 3.00 51.00 54.00 NOTE
r-patched-linux-x86_64 1.0.2 2.81 43.30 46.11 NOTE
r-release-linux-x86_64 1.0.2 3.08 43.21 46.29 NOTE
r-release-macos-arm64 1.0.2 21.00 NOTE
r-release-windows-x86_64 1.0.2 3.00 52.00 55.00 NOTE
r-oldrel-macos-arm64 1.0.2 24.00 NOTE
r-oldrel-macos-x86_64 1.0.2 30.00 NOTE
r-oldrel-windows-x86_64 1.0.2 4.00 55.00 59.00 NOTE

Check Details

Version: 1.0.2
Check: LazyData
Result: NOTE 'LazyData' is specified without a 'data' directory Flavors: r-devel-linux-x86_64-debian-clang, r-devel-linux-x86_64-debian-gcc, r-devel-linux-x86_64-fedora-clang, r-devel-linux-x86_64-fedora-gcc, r-devel-windows-x86_64, r-patched-linux-x86_64, r-release-linux-x86_64, r-release-macos-arm64, r-release-windows-x86_64, r-oldrel-macos-arm64, r-oldrel-macos-x86_64, r-oldrel-windows-x86_64