CRAN Package Check Results for Package saqgetr

Last updated on 2024-05-20 08:49:10 CEST.

Flavor Version Tinstall Tcheck Ttotal Status Flags
r-devel-linux-x86_64-debian-clang 0.2.21 5.31 45.58 50.89 NOTE
r-devel-linux-x86_64-debian-gcc 0.2.21 4.04 33.48 37.52 NOTE
r-devel-linux-x86_64-fedora-clang 0.2.21 64.06 NOTE
r-devel-linux-x86_64-fedora-gcc 0.2.21 81.62 NOTE
r-devel-windows-x86_64 0.2.21 5.00 60.00 65.00 NOTE
r-patched-linux-x86_64 0.2.21 3.87 43.08 46.95 NOTE
r-release-linux-x86_64 0.2.21 2.90 43.15 46.05 NOTE
r-release-macos-arm64 0.2.21 37.00 NOTE
r-release-windows-x86_64 0.2.21 6.00 62.00 68.00 NOTE
r-oldrel-macos-arm64 0.2.21 55.00 NOTE
r-oldrel-macos-x86_64 0.2.21 38.00 NOTE
r-oldrel-windows-x86_64 0.2.21 7.00 65.00 72.00 NOTE

Check Details

Version: 0.2.21
Check: LazyData
Result: NOTE 'LazyData' is specified without a 'data' directory Flavors: r-devel-linux-x86_64-debian-clang, r-devel-linux-x86_64-debian-gcc, r-devel-linux-x86_64-fedora-clang, r-devel-linux-x86_64-fedora-gcc, r-devel-windows-x86_64, r-patched-linux-x86_64, r-release-linux-x86_64, r-release-macos-arm64, r-release-windows-x86_64, r-oldrel-macos-arm64, r-oldrel-macos-x86_64, r-oldrel-windows-x86_64