Last updated on 2024-03-12 07:50:06 CET.
Flavor | Version | Tinstall | Tcheck | Ttotal | Status | Flags |
---|---|---|---|---|---|---|
r-devel-linux-x86_64-debian-clang | 0.4.8 | 237.48 | 61.37 | 298.85 | NOTE | |
r-devel-linux-x86_64-debian-gcc | 0.4.8 | 181.49 | 49.03 | 230.52 | NOTE | |
r-devel-linux-x86_64-fedora-clang | 0.4.8 | 564.97 | NOTE | |||
r-devel-linux-x86_64-fedora-gcc | 0.4.8 | 456.56 | NOTE | |||
r-devel-windows-x86_64 | 0.4.8 | 220.00 | 114.00 | 334.00 | NOTE | |
r-patched-linux-x86_64 | 0.4.8 | 214.06 | 65.74 | 279.80 | NOTE | |
r-release-linux-x86_64 | 0.4.8 | 228.36 | 64.53 | 292.89 | NOTE | |
r-release-macos-arm64 | 0.4.8 | 115.00 | NOTE | |||
r-release-macos-x86_64 | 0.4.8 | 284.00 | NOTE | |||
r-release-windows-x86_64 | 0.4.8 | 271.00 | 133.00 | 404.00 | NOTE | |
r-oldrel-macos-arm64 | 0.4.8 | 105.00 | NOTE | |||
r-oldrel-windows-x86_64 | 0.4.8 | 250.00 | 125.00 | 375.00 | NOTE |
Version: 0.4.8
Check: for GNU extensions in Makefiles
Result: NOTE
GNU make is a SystemRequirements.
Flavors: r-devel-linux-x86_64-debian-clang, r-devel-linux-x86_64-debian-gcc, r-devel-linux-x86_64-fedora-clang, r-devel-linux-x86_64-fedora-gcc, r-devel-windows-x86_64, r-patched-linux-x86_64, r-release-linux-x86_64, r-release-macos-arm64, r-release-macos-x86_64, r-release-windows-x86_64, r-oldrel-macos-arm64, r-oldrel-windows-x86_64
Version: 0.4.8
Check: installed package size
Result: NOTE
installed size is 5.4Mb
sub-directories of 1Mb or more:
doc 1.7Mb
libs 3.2Mb
Flavors: r-devel-linux-x86_64-fedora-clang, r-devel-windows-x86_64, r-release-macos-arm64, r-release-macos-x86_64, r-release-windows-x86_64, r-oldrel-macos-arm64, r-oldrel-windows-x86_64