CRAN Package Check Results for Package sassy

Last updated on 2021-06-17 09:52:00 CEST.

Flavor Version Tinstall Tcheck Ttotal Status Flags
r-devel-linux-x86_64-debian-clang 1.0.4 5.26 57.68 62.94 NOTE
r-devel-linux-x86_64-debian-gcc 1.0.4 3.72 44.34 48.06 NOTE
r-devel-linux-x86_64-fedora-clang 1.0.4 86.26 NOTE
r-devel-linux-x86_64-fedora-gcc 1.0.4 74.31 NOTE
r-devel-windows-x86_64 1.0.4 9.00 71.00 80.00 NOTE
r-devel-windows-x86_64-gcc10-UCRT 1.0.4 NOTE
r-patched-linux-x86_64 1.0.4 5.50 53.33 58.83 NOTE
r-patched-solaris-x86 1.0.4 100.40 NOTE
r-release-linux-x86_64 1.0.4 5.42 54.13 59.55 NOTE
r-release-macos-arm64 1.0.4 NOTE
r-release-macos-x86_64 1.0.4 NOTE
r-release-windows-ix86+x86_64 1.0.4 15.00 81.00 96.00 NOTE
r-oldrel-macos-x86_64 1.0.4 OK
r-oldrel-windows-ix86+x86_64 1.0.4 10.00 80.00 90.00 OK

Check Details

Version: 1.0.4
Check: LazyData
Result: NOTE
     'LazyData' is specified without a 'data' directory
Flavors: r-devel-linux-x86_64-debian-clang, r-devel-linux-x86_64-debian-gcc, r-devel-linux-x86_64-fedora-clang, r-devel-linux-x86_64-fedora-gcc, r-devel-windows-x86_64, r-devel-windows-x86_64-gcc10-UCRT, r-patched-linux-x86_64, r-patched-solaris-x86, r-release-linux-x86_64, r-release-macos-arm64, r-release-macos-x86_64, r-release-windows-ix86+x86_64