Last updated on 2025-01-23 08:50:11 CET.
Flavor | Version | Tinstall | Tcheck | Ttotal | Status | Flags |
---|---|---|---|---|---|---|
r-devel-linux-x86_64-debian-clang | 1.1.9 | 7.88 | 61.40 | 69.28 | OK | |
r-devel-linux-x86_64-debian-gcc | 1.1.9 | 6.41 | 46.30 | 52.71 | OK | |
r-devel-linux-x86_64-fedora-clang | 1.1.9 | 113.87 | OK | |||
r-devel-linux-x86_64-fedora-gcc | 1.1.9 | 106.31 | OK | |||
r-devel-windows-x86_64 | 1.1.9 | 9.00 | 77.00 | 86.00 | OK | |
r-patched-linux-x86_64 | 1.1.9 | 8.74 | 58.82 | 67.56 | NOTE | |
r-release-linux-x86_64 | 1.1.9 | 8.47 | 58.51 | 66.98 | NOTE | |
r-release-macos-arm64 | 1.1.9 | 35.00 | NOTE | |||
r-release-macos-x86_64 | 1.1.9 | 109.00 | NOTE | |||
r-release-windows-x86_64 | 1.1.9 | 9.00 | 78.00 | 87.00 | NOTE | |
r-oldrel-macos-arm64 | 1.1.9 | 44.00 | NOTE | |||
r-oldrel-macos-x86_64 | 1.1.9 | 162.00 | NOTE | |||
r-oldrel-windows-x86_64 | 1.1.9 | 11.00 | 93.00 | 104.00 | NOTE |
Version: 1.1.9
Check: package dependencies
Result: NOTE
Packages which this enhances but not available for checking:
'gurobi', 'pogs'
Flavors: r-patched-linux-x86_64, r-release-linux-x86_64
Version: 1.1.9
Check: package dependencies
Result: NOTE
Packages which this enhances but not available for checking:
'gurobi', 'Rcplex', 'pogs'
Flavors: r-release-macos-arm64, r-release-macos-x86_64, r-release-windows-x86_64, r-oldrel-macos-arm64, r-oldrel-macos-x86_64, r-oldrel-windows-x86_64