Last updated on 2024-05-05 08:53:05 CEST.
Flavor | Version | Tinstall | Tcheck | Ttotal | Status | Flags |
---|---|---|---|---|---|---|
r-devel-linux-x86_64-debian-clang | 0.1.4 | 67.05 | 40.57 | 107.62 | NOTE | |
r-devel-linux-x86_64-debian-gcc | 0.1.4 | 56.15 | 31.04 | 87.19 | NOTE | |
r-devel-linux-x86_64-fedora-clang | 0.1.4 | 151.66 | NOTE | |||
r-devel-linux-x86_64-fedora-gcc | 0.1.4 | 156.06 | NOTE | |||
r-devel-windows-x86_64 | 0.1.4 | 54.00 | 69.00 | 123.00 | NOTE | |
r-patched-linux-x86_64 | 0.1.4 | 68.43 | 38.81 | 107.24 | NOTE | |
r-release-linux-x86_64 | 0.1.4 | 62.69 | 39.46 | 102.15 | NOTE | |
r-release-macos-arm64 | 0.1.4 | 39.00 | NOTE | |||
r-release-windows-x86_64 | 0.1.4 | 53.00 | 70.00 | 123.00 | NOTE | |
r-oldrel-macos-arm64 | 0.1.4 | 41.00 | NOTE | |||
r-oldrel-macos-x86_64 | 0.1.4 | 60.00 | NOTE | |||
r-oldrel-windows-x86_64 | 0.1.4 | 65.00 | 78.00 | 143.00 | NOTE |
Version: 0.1.4
Check: C++ specification
Result: NOTE
Specified C++11: please drop specification unless essential
Flavors: r-devel-linux-x86_64-debian-clang, r-devel-linux-x86_64-debian-gcc, r-devel-linux-x86_64-fedora-clang, r-devel-linux-x86_64-fedora-gcc, r-devel-windows-x86_64, r-patched-linux-x86_64, r-release-linux-x86_64, r-release-macos-arm64, r-release-windows-x86_64, r-oldrel-macos-arm64, r-oldrel-macos-x86_64, r-oldrel-windows-x86_64