Last updated on 2024-04-24 07:57:53 CEST.
Flavor | Version | Tinstall | Tcheck | Ttotal | Status | Flags |
---|---|---|---|---|---|---|
r-devel-linux-x86_64-debian-clang | 1.0.1 | 2.31 | 48.64 | 50.95 | NOTE | |
r-devel-linux-x86_64-debian-gcc | 1.0.1 | 2.29 | 38.95 | 41.24 | NOTE | |
r-devel-linux-x86_64-fedora-clang | 1.0.1 | 67.72 | NOTE | |||
r-devel-linux-x86_64-fedora-gcc | 1.0.1 | 78.56 | NOTE | |||
r-prerel-macos-arm64 | 1.0.1 | 33.00 | NOTE | |||
r-prerel-windows-x86_64 | 1.0.1 | 3.00 | 63.00 | 66.00 | NOTE | |
r-patched-linux-x86_64 | 1.0.1 | 2.67 | 48.91 | 51.58 | NOTE | |
r-release-linux-x86_64 | 1.0.1 | 3.02 | 49.20 | 52.22 | NOTE | |
r-release-macos-arm64 | 1.0.1 | 38.00 | NOTE | |||
r-release-macos-x86_64 | 1.0.1 | 51.00 | NOTE | |||
r-release-windows-x86_64 | 1.0.1 | 4.00 | 68.00 | 72.00 | NOTE | |
r-oldrel-macos-arm64 | 1.0.1 | 30.00 | NOTE | |||
r-oldrel-windows-x86_64 | 1.0.1 | 5.00 | 72.00 | 77.00 | NOTE |
Version: 1.0.1
Check: LazyData
Result: NOTE
'LazyData' is specified without a 'data' directory
Flavors: r-devel-linux-x86_64-debian-clang, r-devel-linux-x86_64-debian-gcc, r-devel-linux-x86_64-fedora-clang, r-devel-linux-x86_64-fedora-gcc, r-prerel-macos-arm64, r-prerel-windows-x86_64, r-patched-linux-x86_64, r-release-linux-x86_64, r-release-macos-arm64, r-release-macos-x86_64, r-release-windows-x86_64, r-oldrel-macos-arm64, r-oldrel-windows-x86_64