Last updated on 2024-04-17 08:57:45 CEST.
Flavor | Version | Tinstall | Tcheck | Ttotal | Status | Flags |
---|---|---|---|---|---|---|
r-devel-linux-x86_64-debian-clang | 1.0.11 | 74.27 | 710.65 | 784.92 | OK | |
r-devel-linux-x86_64-debian-gcc | 1.0.11 | 59.42 | 506.20 | 565.62 | OK | |
r-devel-linux-x86_64-fedora-clang | 1.0.11 | 1034.05 | OK | |||
r-devel-linux-x86_64-fedora-gcc | 1.0.11 | 1004.37 | OK | |||
r-prerel-macos-arm64 | 1.0.11 | 257.00 | OK | |||
r-prerel-macos-x86_64 | 1.0.11 | 487.00 | OK | |||
r-prerel-windows-x86_64 | 1.0.11 | 59.00 | 469.00 | 528.00 | OK | |
r-patched-linux-x86_64 | 1.0.11 | 73.68 | 638.07 | 711.75 | OK | |
r-release-linux-x86_64 | 1.0.11 | 57.51 | 675.76 | 733.27 | OK | |
r-release-macos-arm64 | 1.0.11 | 9.00 | ERROR | |||
r-release-macos-x86_64 | 1.0.11 | 6.00 | ERROR | |||
r-release-windows-x86_64 | 1.0.11 | 91.00 | 644.00 | 735.00 | OK | |
r-oldrel-macos-arm64 | 1.0.11 | 202.00 | OK | |||
r-oldrel-windows-x86_64 | 1.0.11 | 84.00 | 558.00 | 642.00 | OK |
Version: 1.0.11
Check: package dependencies
Result: ERROR
Package required but not available: ‘GSVA’
See section ‘The DESCRIPTION file’ in the ‘Writing R Extensions’
manual.
Flavors: r-release-macos-arm64, r-release-macos-x86_64