Last updated on 2024-03-12 07:50:06 CET.
Flavor | Version | Tinstall | Tcheck | Ttotal | Status | Flags |
---|---|---|---|---|---|---|
r-devel-linux-x86_64-debian-clang | 0.0.1 | 7.19 | 80.03 | 87.22 | NOTE | |
r-devel-linux-x86_64-debian-gcc | 0.0.1 | 6.34 | 62.87 | 69.21 | NOTE | |
r-devel-linux-x86_64-fedora-clang | 0.0.1 | 112.37 | NOTE | |||
r-devel-linux-x86_64-fedora-gcc | 0.0.1 | 118.17 | NOTE | |||
r-devel-windows-x86_64 | 0.0.1 | 8.00 | 77.00 | 85.00 | NOTE | |
r-patched-linux-x86_64 | 0.0.1 | 8.97 | 81.12 | 90.09 | NOTE | |
r-release-linux-x86_64 | 0.0.1 | 7.97 | 81.12 | 89.09 | NOTE | |
r-release-macos-arm64 | 0.0.1 | 42.00 | NOTE | |||
r-release-macos-x86_64 | 0.0.1 | 67.00 | NOTE | |||
r-release-windows-x86_64 | 0.0.1 | 10.00 | 86.00 | 96.00 | NOTE | |
r-oldrel-macos-arm64 | 0.0.1 | 31.00 | NOTE | |||
r-oldrel-windows-x86_64 | 0.0.1 | 12.00 | 92.00 | 104.00 | NOTE |
Version: 0.0.1
Check: LazyData
Result: NOTE
'LazyData' is specified without a 'data' directory
Flavors: r-devel-linux-x86_64-debian-clang, r-devel-linux-x86_64-debian-gcc, r-devel-linux-x86_64-fedora-clang, r-devel-linux-x86_64-fedora-gcc, r-devel-windows-x86_64, r-patched-linux-x86_64, r-release-linux-x86_64, r-release-macos-arm64, r-release-macos-x86_64, r-release-windows-x86_64, r-oldrel-macos-arm64, r-oldrel-windows-x86_64