Last updated on 2024-04-24 07:57:53 CEST.
Flavor | Version | Tinstall | Tcheck | Ttotal | Status | Flags |
---|---|---|---|---|---|---|
r-devel-linux-x86_64-debian-clang | 1.0.5 | 73.46 | 77.21 | 150.67 | OK | |
r-devel-linux-x86_64-debian-gcc | 1.0.5 | 56.48 | 57.33 | 113.81 | OK | |
r-prerel-macos-arm64 | 1.0.5 | 46.00 | NOTE | |||
r-prerel-macos-x86_64 | 1.0.5 | 99.00 | NOTE | |||
r-prerel-windows-x86_64 | 1.0.5 | 60.00 | 101.00 | 161.00 | OK | |
r-patched-linux-x86_64 | 1.0.5 | 74.53 | 73.42 | 147.95 | OK | |
r-release-linux-x86_64 | 1.0.5 | 70.71 | 71.72 | 142.43 | OK | |
r-release-macos-arm64 | 1.0.5 | 50.00 | NOTE | |||
r-release-macos-x86_64 | 1.0.5 | 88.00 | NOTE | |||
r-release-windows-x86_64 | 1.0.5 | 76.00 | 119.00 | 195.00 | OK | |
r-oldrel-macos-arm64 | 1.0.5 | 52.00 | NOTE | |||
r-oldrel-windows-x86_64 | 1.0.5 | 69.00 | 115.00 | 184.00 | OK |
Version: 1.0.5
Check: installed package size
Result: NOTE
installed size is 5.6Mb
sub-directories of 1Mb or more:
libs 4.8Mb
Flavors: r-prerel-macos-arm64, r-prerel-macos-x86_64, r-release-macos-arm64, r-release-macos-x86_64, r-oldrel-macos-arm64