CRAN Package Check Results for Package scico

Last updated on 2021-05-14 09:51:07 CEST.

Flavor Version Tinstall Tcheck Ttotal Status Flags
r-devel-linux-x86_64-debian-clang 1.2.0 1.99 25.66 27.65 NOTE
r-devel-linux-x86_64-debian-gcc 1.2.0 1.59 20.87 22.46 NOTE
r-devel-linux-x86_64-fedora-clang 1.2.0 43.88 NOTE
r-devel-linux-x86_64-fedora-gcc 1.2.0 32.55 NOTE
r-devel-windows-ix86+x86_64 1.2.0 5.00 34.00 39.00 NOTE
r-devel-windows-x86_64-gcc10-UCRT 1.2.0 NOTE
r-patched-linux-x86_64 1.2.0 2.02 25.04 27.06 NOTE
r-patched-solaris-x86 1.2.0 50.70 NOTE
r-release-linux-x86_64 1.2.0 2.10 25.08 27.18 OK
r-release-macos-x86_64 1.2.0 OK
r-release-windows-ix86+x86_64 1.2.0 4.00 42.00 46.00 OK
r-oldrel-macos-x86_64 1.2.0 OK
r-oldrel-windows-ix86+x86_64 1.2.0 4.00 40.00 44.00 OK

Check Details

Version: 1.2.0
Check: LazyData
Result: NOTE
     'LazyData' is specified without a 'data' directory
Flavors: r-devel-linux-x86_64-debian-clang, r-devel-linux-x86_64-debian-gcc, r-devel-linux-x86_64-fedora-clang, r-devel-linux-x86_64-fedora-gcc, r-devel-windows-ix86+x86_64, r-devel-windows-x86_64-gcc10-UCRT, r-patched-linux-x86_64, r-patched-solaris-x86