CRAN Package Check Results for Package scoper

Last updated on 2021-04-22 08:48:32 CEST.

Flavor Version Tinstall Tcheck Ttotal Status Flags
r-devel-linux-x86_64-debian-clang 1.1.0 51.25 428.35 479.60 OK
r-devel-linux-x86_64-debian-gcc 1.1.0 41.19 327.99 369.18 OK
r-devel-linux-x86_64-fedora-clang 1.1.0 593.18 OK
r-devel-linux-x86_64-fedora-gcc 1.1.0 583.65 OK
r-devel-windows-ix86+x86_64 1.1.0 126.00 631.00 757.00 OK
r-devel-windows-x86_64-gcc10-UCRT 1.1.0 OK
r-patched-linux-x86_64 1.1.0 53.15 393.26 446.41 WARN
r-patched-solaris-x86 1.1.0 769.20 OK
r-release-linux-x86_64 1.1.0 49.39 394.47 443.86 OK
r-release-macos-x86_64 1.1.0 OK
r-release-windows-ix86+x86_64 1.1.0 129.00 534.00 663.00 OK
r-oldrel-macos-x86_64 1.1.0 OK
r-oldrel-windows-ix86+x86_64 1.1.0 107.00 589.00 696.00 OK

Check Details

Version: 1.1.0
Check: whether package can be installed
Result: WARN
    Found the following significant warnings:
     Rd warning: /tmp/RtmpmBawES/R.INSTALL2a8d6d6aa018/scoper/man/spectralClones.Rd:70: file link ‘TargetingModel’ in package ‘shazam’ does not exist and so has been treated as a topic
     Rd warning: /tmp/RtmpmBawES/R.INSTALL2a8d6d6aa018/scoper/man/spectralClones.Rd:143: file link ‘TargetingModel’ in package ‘shazam’ does not exist and so has been treated as a topic
Flavor: r-patched-linux-x86_64