Last updated on 2024-05-02 08:57:56 CEST.
Flavor | Version | Tinstall | Tcheck | Ttotal | Status | Flags |
---|---|---|---|---|---|---|
r-devel-linux-x86_64-debian-clang | 1.3.5 | 6.07 | 62.96 | 69.03 | NOTE | |
r-devel-linux-x86_64-debian-gcc | 1.3.5 | 5.18 | 46.09 | 51.27 | NOTE | |
r-devel-linux-x86_64-fedora-clang | 1.3.5 | 96.01 | NOTE | |||
r-devel-linux-x86_64-fedora-gcc | 1.3.5 | 87.60 | NOTE | |||
r-devel-windows-x86_64 | 1.3.5 | 6.00 | 69.00 | 75.00 | NOTE | |
r-patched-linux-x86_64 | 1.3.5 | 9.76 | 60.91 | 70.67 | NOTE | |
r-release-linux-x86_64 | 1.3.5 | 6.44 | 60.60 | 67.04 | NOTE | |
r-release-macos-arm64 | 1.3.5 | 24.00 | NOTE | |||
r-release-windows-x86_64 | 1.3.5 | 7.00 | 70.00 | 77.00 | NOTE | |
r-oldrel-macos-arm64 | 1.3.5 | 24.00 | NOTE | |||
r-oldrel-macos-x86_64 | 1.3.5 | 35.00 | NOTE | |||
r-oldrel-windows-x86_64 | 1.3.5 | 6.00 | 78.00 | 84.00 | NOTE |
Version: 1.3.5
Check: Rd files
Result: NOTE
checkRd: (-1) simulateSNPs.Rd:46: Escaped LaTeX specials: \& \& \&
checkRd: (-1) simulateSNPs.Rd:80: Escaped LaTeX specials: \& \& \&
Flavors: r-devel-linux-x86_64-debian-clang, r-devel-linux-x86_64-debian-gcc, r-devel-linux-x86_64-fedora-clang, r-devel-linux-x86_64-fedora-gcc, r-devel-windows-x86_64, r-patched-linux-x86_64, r-release-linux-x86_64, r-release-macos-arm64, r-release-windows-x86_64, r-oldrel-macos-arm64, r-oldrel-macos-x86_64, r-oldrel-windows-x86_64
Version: 1.3.5
Check: package dependencies
Result: NOTE
Package suggested but not available for checking: ‘oligoClasses’
Flavors: r-oldrel-macos-arm64, r-oldrel-macos-x86_64