CRAN Package Check Results for Package sde

Last updated on 2021-06-17 09:52:00 CEST.

Flavor Version Tinstall Tcheck Ttotal Status Flags
r-devel-linux-x86_64-debian-clang 2.0.15 10.90 99.21 110.11 OK
r-devel-linux-x86_64-debian-gcc 2.0.15 10.41 75.22 85.63 OK
r-devel-linux-x86_64-fedora-clang 2.0.15 139.63 NOTE
r-devel-linux-x86_64-fedora-gcc 2.0.15 130.95 NOTE
r-devel-windows-x86_64 2.0.15 19.00 109.00 128.00 OK
r-devel-windows-x86_64-gcc10-UCRT 2.0.15 OK
r-patched-linux-x86_64 2.0.15 11.90 95.81 107.71 OK
r-patched-solaris-x86 2.0.15 196.90 OK
r-release-linux-x86_64 2.0.15 11.96 94.83 106.79 OK
r-release-macos-arm64 2.0.15 OK
r-release-macos-x86_64 2.0.15 OK
r-release-windows-ix86+x86_64 2.0.15 28.00 168.00 196.00 OK
r-oldrel-macos-x86_64 2.0.15 OK
r-oldrel-windows-ix86+x86_64 2.0.15 18.00 163.00 181.00 OK

Check Details

Version: 2.0.15
Check: compiled code
Result: NOTE
    File ‘sde/libs/sde.so’:
     Found no call to: ‘R_useDynamicSymbols’
    
    It is good practice to register native routines and to disable symbol
    search.
    
    See ‘Writing portable packages’ in the ‘Writing R Extensions’ manual.
Flavors: r-devel-linux-x86_64-fedora-clang, r-devel-linux-x86_64-fedora-gcc