Last updated on 2024-04-19 08:54:54 CEST.
Flavor | Version | Tinstall | Tcheck | Ttotal | Status | Flags |
---|---|---|---|---|---|---|
r-devel-linux-x86_64-debian-clang | 0.5.0 | 290.94 | 284.67 | 575.61 | OK | |
r-devel-linux-x86_64-debian-gcc | 0.5.0 | OK | ||||
r-devel-linux-x86_64-fedora-clang | 0.5.0 | 697.92 | NOTE | |||
r-devel-linux-x86_64-fedora-gcc | 0.5.0 | 817.09 | OK | |||
r-prerel-macos-arm64 | 0.5.0 | 181.00 | NOTE | |||
r-prerel-macos-x86_64 | 0.5.0 | 371.00 | NOTE | |||
r-prerel-windows-x86_64 | 0.5.0 | 179.00 | 294.00 | 473.00 | NOTE | |
r-patched-linux-x86_64 | 0.5.0 | 218.23 | 301.50 | 519.73 | OK | |
r-release-linux-x86_64 | 0.5.0 | 232.92 | 294.68 | 527.60 | OK | |
r-release-macos-arm64 | 0.5.0 | 189.00 | NOTE | |||
r-release-macos-x86_64 | 0.5.0 | 366.00 | NOTE | |||
r-release-windows-x86_64 | 0.5.0 | 284.00 | 352.00 | 636.00 | NOTE | |
r-oldrel-macos-arm64 | 0.5.0 | 170.00 | NOTE | |||
r-oldrel-windows-x86_64 | 0.5.0 | 272.00 | 327.00 | 599.00 | NOTE |
Version: 0.5.0
Check: installed package size
Result: NOTE
installed size is 7.7Mb
sub-directories of 1Mb or more:
libs 5.8Mb
Flavors: r-devel-linux-x86_64-fedora-clang, r-prerel-macos-arm64, r-prerel-macos-x86_64, r-prerel-windows-x86_64, r-release-macos-arm64, r-release-macos-x86_64, r-release-windows-x86_64, r-oldrel-macos-arm64, r-oldrel-windows-x86_64