CRAN Package Check Results for Package seasonal

Last updated on 2021-05-10 08:49:25 CEST.

Flavor Version Tinstall Tcheck Ttotal Status Flags
r-devel-linux-x86_64-debian-clang 1.8.2 6.19 68.29 74.48 OK
r-devel-linux-x86_64-debian-gcc 1.8.2 4.64 53.37 58.01 OK
r-devel-linux-x86_64-fedora-clang 1.8.2 101.16 OK
r-devel-linux-x86_64-fedora-gcc 1.8.2 86.38 OK
r-devel-windows-ix86+x86_64 1.8.2 11.00 108.00 119.00 OK
r-devel-windows-x86_64-gcc10-UCRT 1.8.2 OK
r-patched-linux-x86_64 1.8.2 6.86 67.11 73.97 OK
r-patched-solaris-x86 1.8.2 6.20 ERROR
r-release-linux-x86_64 1.8.2 5.45 66.13 71.58 OK
r-release-macos-x86_64 1.8.2 OK
r-release-windows-ix86+x86_64 1.8.2 9.00 92.00 101.00 OK
r-oldrel-macos-x86_64 1.8.2 OK
r-oldrel-windows-ix86+x86_64 1.8.2 9.00 80.00 89.00 OK

Additional issues

M1mac

Check Details

Version: 1.8.2
Check: package dependencies
Result: ERROR
    Package required but not available: ‘x13binary’
    
    Package suggested but not available for checking: ‘seasonalview’
    
    See section ‘The DESCRIPTION file’ in the ‘Writing R Extensions’
    manual.
Flavor: r-patched-solaris-x86