CRAN Package Check Results for Package secret

Last updated on 2025-01-23 08:50:11 CET.

Flavor Version Tinstall Tcheck Ttotal Status Flags
r-devel-linux-x86_64-debian-clang 1.1.0 2.63 28.59 31.22 OK
r-devel-linux-x86_64-debian-gcc 1.1.0 1.64 22.94 24.58 OK
r-devel-linux-x86_64-fedora-clang 1.1.0 49.89 OK
r-devel-linux-x86_64-fedora-gcc 1.1.0 59.91 OK
r-devel-windows-x86_64 1.1.0 4.00 54.00 58.00 OK
r-patched-linux-x86_64 1.1.0 2.96 26.98 29.94 NOTE
r-release-linux-x86_64 1.1.0 2.49 26.94 29.43 NOTE
r-release-macos-arm64 1.1.0 25.00 NOTE
r-release-macos-x86_64 1.1.0 37.00 NOTE
r-release-windows-x86_64 1.1.0 4.00 54.00 58.00 NOTE
r-oldrel-macos-arm64 1.1.0 26.00 NOTE
r-oldrel-macos-x86_64 1.1.0 51.00 NOTE
r-oldrel-windows-x86_64 1.1.0 5.00 57.00 62.00 NOTE

Check Details

Version: 1.1.0
Check: LazyData
Result: NOTE 'LazyData' is specified without a 'data' directory Flavors: r-patched-linux-x86_64, r-release-linux-x86_64, r-release-macos-arm64, r-release-macos-x86_64, r-release-windows-x86_64, r-oldrel-macos-arm64, r-oldrel-macos-x86_64, r-oldrel-windows-x86_64