Last updated on 2024-03-12 07:50:07 CET.
Flavor | Version | Tinstall | Tcheck | Ttotal | Status | Flags |
---|---|---|---|---|---|---|
r-devel-linux-x86_64-debian-clang | 3.1 | 13.59 | 102.59 | 116.18 | NOTE | |
r-devel-linux-x86_64-debian-gcc | 3.1 | 10.44 | 79.07 | 89.51 | NOTE | |
r-devel-linux-x86_64-fedora-clang | 3.1 | 142.00 | NOTE | |||
r-devel-linux-x86_64-fedora-gcc | 3.1 | 147.86 | NOTE | |||
r-devel-windows-x86_64 | 3.1 | 10.00 | 92.00 | 102.00 | NOTE | |
r-patched-linux-x86_64 | 3.1 | 13.24 | 103.60 | 116.84 | OK | |
r-release-linux-x86_64 | 3.1 | 9.87 | 101.07 | 110.94 | OK | |
r-release-macos-arm64 | 3.1 | 52.00 | OK | |||
r-release-macos-x86_64 | 3.1 | 83.00 | OK | |||
r-release-windows-x86_64 | 3.1 | 14.00 | 111.00 | 125.00 | OK | |
r-oldrel-macos-arm64 | 3.1 | 50.00 | OK | |||
r-oldrel-windows-x86_64 | 3.1 | 14.00 | 127.00 | 141.00 | OK |
Version: 3.1
Check: Rd files
Result: NOTE
checkRd: (-1) seedCCA.Rd:17: Lost braces; missing escapes or markup?
17 | \item{u}{numeric, maximum number of projections. The default is 10. This is used for \code{type="seed1"}, \code{type="seed2"} and {tyepe="pls"}.}
| ^
Flavors: r-devel-linux-x86_64-debian-clang, r-devel-linux-x86_64-debian-gcc, r-devel-linux-x86_64-fedora-clang, r-devel-linux-x86_64-fedora-gcc, r-devel-windows-x86_64