Last updated on 2024-03-12 07:50:07 CET.
Flavor | Version | Tinstall | Tcheck | Ttotal | Status | Flags |
---|---|---|---|---|---|---|
r-devel-linux-x86_64-debian-clang | 0.5-6 | 37.30 | 346.41 | 383.71 | NOTE | |
r-devel-linux-x86_64-debian-gcc | 0.5-6 | 26.75 | 254.26 | 281.01 | NOTE | |
r-devel-linux-x86_64-fedora-clang | 0.5-6 | 457.01 | NOTE | |||
r-devel-linux-x86_64-fedora-gcc | 0.5-6 | 502.81 | NOTE | |||
r-devel-windows-x86_64 | 0.5-6 | 30.00 | 272.00 | 302.00 | NOTE | |
r-patched-linux-x86_64 | 0.5-6 | 36.63 | 338.66 | 375.29 | NOTE | |
r-release-linux-x86_64 | 0.5-6 | 31.29 | 338.42 | 369.71 | OK | |
r-release-macos-arm64 | 0.5-6 | 122.00 | OK | |||
r-release-macos-x86_64 | 0.5-6 | 188.00 | NOTE | |||
r-release-windows-x86_64 | 0.5-6 | 35.00 | 346.00 | 381.00 | OK | |
r-oldrel-macos-arm64 | 0.5-6 | 115.00 | OK | |||
r-oldrel-windows-x86_64 | 0.5-6 | 45.00 | 326.00 | 371.00 | OK |
Version: 0.5-6
Check: Rd files
Result: NOTE
checkRd: (-1) PAVranking.Rd:77-79: Lost braces in \itemize; \value handles \item{}{} directly
checkRd: (-1) PAVranking.Rd:80-82: Lost braces in \itemize; \value handles \item{}{} directly
checkRd: (-1) PAVranking.Rd:83-85: Lost braces in \itemize; \value handles \item{}{} directly
checkRd: (-1) PAVranking.Rd:86-87: Lost braces in \itemize; \value handles \item{}{} directly
Flavors: r-devel-linux-x86_64-debian-clang, r-devel-linux-x86_64-debian-gcc, r-devel-linux-x86_64-fedora-clang, r-devel-linux-x86_64-fedora-gcc, r-devel-windows-x86_64
Version: 0.5-6
Check: package dependencies
Result: NOTE
Package suggested but not available for checking: ‘blavaan’
Flavor: r-patched-linux-x86_64
Version: 0.5-6
Check: package dependencies
Result: NOTE
Packages suggested but not available for checking: 'blavaan', 'emmeans'
Flavor: r-release-macos-x86_64
Version: 0.5-6
Check: Rd cross-references
Result: NOTE
Package unavailable to check Rd xrefs: ‘blavaan’
Flavor: r-release-macos-x86_64