Last updated on 2024-03-12 07:50:07 CET.
Flavor | Version | Tinstall | Tcheck | Ttotal | Status | Flags |
---|---|---|---|---|---|---|
r-devel-linux-x86_64-debian-clang | 1.30.0 | 152.04 | 254.07 | 406.11 | OK | |
r-devel-linux-x86_64-debian-gcc | 1.30.0 | 108.05 | 187.20 | 295.25 | OK | |
r-devel-linux-x86_64-fedora-clang | 1.30.0 | 542.97 | OK | |||
r-devel-linux-x86_64-fedora-gcc | 1.30.0 | 549.20 | OK | |||
r-devel-windows-x86_64 | 1.30.0 | 117.00 | 224.00 | 341.00 | OK | |
r-patched-linux-x86_64 | 1.30.0 | 97.79 | 250.19 | 347.98 | OK | |
r-release-linux-x86_64 | 1.30.0 | 112.81 | 249.86 | 362.67 | OK | |
r-release-macos-arm64 | 1.30.0 | 118.00 | NOTE | |||
r-release-macos-x86_64 | 1.30.0 | 194.00 | NOTE | |||
r-release-windows-x86_64 | 1.30.0 | 148.00 | 278.00 | 426.00 | OK | |
r-oldrel-macos-arm64 | 1.30.0 | 121.00 | NOTE | |||
r-oldrel-windows-x86_64 | 1.30.0 | 138.00 | 267.00 | 405.00 | OK |
Version: 1.30.0
Check: installed package size
Result: NOTE
installed size is 5.3Mb
sub-directories of 1Mb or more:
R 2.3Mb
libs 2.4Mb
Flavors: r-release-macos-arm64, r-release-macos-x86_64, r-oldrel-macos-arm64