Last updated on 2024-04-23 08:58:16 CEST.
Flavor | Version | Tinstall | Tcheck | Ttotal | Status | Flags |
---|---|---|---|---|---|---|
r-devel-linux-x86_64-debian-clang | 1.0.0 | 100.86 | 232.41 | 333.27 | NOTE | |
r-devel-linux-x86_64-debian-gcc | 1.0.0 | 77.88 | 182.25 | 260.13 | NOTE | |
r-devel-linux-x86_64-fedora-clang | 1.0.0 | 461.57 | NOTE | |||
r-devel-linux-x86_64-fedora-gcc | 1.0.0 | 400.69 | NOTE | |||
r-prerel-macos-arm64 | 1.0.0 | 113.00 | NOTE | |||
r-prerel-windows-x86_64 | 1.0.0 | 82.00 | 208.00 | 290.00 | NOTE | |
r-patched-linux-x86_64 | 1.0.0 | 78.19 | 237.08 | 315.27 | NOTE | |
r-release-linux-x86_64 | 1.0.0 | 70.72 | 238.81 | 309.53 | NOTE | |
r-release-macos-arm64 | 1.0.0 | 146.00 | NOTE | |||
r-release-macos-x86_64 | 1.0.0 | 211.00 | NOTE | |||
r-release-windows-x86_64 | 1.0.0 | 104.00 | 261.00 | 365.00 | NOTE | |
r-oldrel-macos-arm64 | 1.0.0 | 117.00 | NOTE | |||
r-oldrel-windows-x86_64 | 1.0.0 | 101.00 | 239.00 | 340.00 | NOTE |
Version: 1.0.0
Check: C++ specification
Result: NOTE
Specified C++11: please drop specification unless essential
Flavors: r-devel-linux-x86_64-debian-clang, r-devel-linux-x86_64-debian-gcc, r-devel-linux-x86_64-fedora-clang, r-devel-linux-x86_64-fedora-gcc, r-prerel-macos-arm64, r-prerel-windows-x86_64, r-patched-linux-x86_64, r-release-linux-x86_64, r-release-macos-arm64, r-release-macos-x86_64, r-release-windows-x86_64
Version: 1.0.0
Check: for GNU extensions in Makefiles
Result: NOTE
GNU make is a SystemRequirements.
Flavors: r-devel-linux-x86_64-debian-clang, r-devel-linux-x86_64-debian-gcc, r-devel-linux-x86_64-fedora-clang, r-devel-linux-x86_64-fedora-gcc, r-prerel-macos-arm64, r-prerel-windows-x86_64, r-patched-linux-x86_64, r-release-linux-x86_64, r-release-macos-arm64, r-release-macos-x86_64, r-release-windows-x86_64, r-oldrel-macos-arm64, r-oldrel-windows-x86_64
Version: 1.0.0
Check: data for non-ASCII characters
Result: NOTE
Note: found 4436 marked UTF-8 strings
Flavors: r-devel-linux-x86_64-fedora-clang, r-devel-linux-x86_64-fedora-gcc, r-oldrel-macos-arm64
Version: 1.0.0
Check: installed package size
Result: NOTE
installed size is 7.6Mb
sub-directories of 1Mb or more:
data 2.3Mb
libs 4.1Mb
Flavors: r-prerel-macos-arm64, r-release-macos-arm64, r-release-macos-x86_64, r-oldrel-macos-arm64