Last updated on 2024-03-12 07:50:07 CET.
Flavor | Version | Tinstall | Tcheck | Ttotal | Status | Flags |
---|---|---|---|---|---|---|
r-devel-linux-x86_64-debian-clang | 1.2.6 | 476.41 | 312.53 | 788.94 | OK | |
r-devel-linux-x86_64-debian-gcc | 1.2.6 | 369.02 | 241.19 | 610.21 | OK | |
r-devel-linux-x86_64-fedora-clang | 1.2.6 | 1191.87 | NOTE | |||
r-devel-linux-x86_64-fedora-gcc | 1.2.6 | 1227.88 | OK | |||
r-devel-windows-x86_64 | 1.2.6 | 346.00 | 331.00 | 677.00 | NOTE | |
r-patched-linux-x86_64 | 1.2.6 | 361.81 | 324.43 | 686.24 | OK | |
r-release-linux-x86_64 | 1.2.6 | 352.51 | 317.91 | 670.42 | OK | |
r-release-macos-arm64 | 1.2.6 | 205.00 | NOTE | |||
r-release-macos-x86_64 | 1.2.6 | 415.00 | NOTE | |||
r-release-windows-x86_64 | 1.2.6 | 468.00 | 362.00 | 830.00 | NOTE | |
r-oldrel-macos-arm64 | 1.2.6 | 231.00 | NOTE | |||
r-oldrel-windows-x86_64 | 1.2.6 | 435.00 | 357.00 | 792.00 | NOTE |
Version: 1.2.6
Check: installed package size
Result: NOTE
installed size is 8.1Mb
sub-directories of 1Mb or more:
doc 6.4Mb
Flavors: r-devel-linux-x86_64-fedora-clang, r-devel-windows-x86_64, r-release-macos-arm64, r-release-macos-x86_64, r-release-windows-x86_64, r-oldrel-macos-arm64, r-oldrel-windows-x86_64