Last updated on 2024-03-12 07:50:07 CET.
Flavor | Version | Tinstall | Tcheck | Ttotal | Status | Flags |
---|---|---|---|---|---|---|
r-devel-linux-x86_64-debian-clang | 1.0.1 | 138.25 | 69.31 | 207.56 | WARN | |
r-devel-linux-x86_64-debian-gcc | 1.0.1 | 105.79 | 53.65 | 159.44 | NOTE | |
r-devel-linux-x86_64-fedora-clang | 1.0.1 | 302.82 | NOTE | |||
r-devel-linux-x86_64-fedora-gcc | 1.0.1 | 311.25 | NOTE | |||
r-devel-windows-x86_64 | 1.0.1 | 103.00 | 100.00 | 203.00 | NOTE | |
r-patched-linux-x86_64 | 1.0.1 | 90.79 | 67.99 | 158.78 | NOTE | |
r-release-linux-x86_64 | 1.0.1 | 110.11 | 68.05 | 178.16 | NOTE | |
r-release-macos-arm64 | 1.0.1 | 78.00 | NOTE | |||
r-release-macos-x86_64 | 1.0.1 | 120.00 | NOTE | |||
r-release-windows-x86_64 | 1.0.1 | 132.00 | 113.00 | 245.00 | NOTE | |
r-oldrel-macos-arm64 | 1.0.1 | 65.00 | NOTE | |||
r-oldrel-windows-x86_64 | 1.0.1 | 131.00 | 116.00 | 247.00 | NOTE |
Version: 1.0.1
Check: whether package can be installed
Result: WARN
Found the following significant warnings:
D_optimal.cpp:54:18: warning: using integer absolute value function 'abs' when argument is of floating point type [-Wabsolute-value]
QIC.cpp:53:18: warning: using integer absolute value function 'abs' when argument is of floating point type [-Wabsolute-value]
getMH.cpp:53:18: warning: using integer absolute value function 'abs' when argument is of floating point type [-Wabsolute-value]
See ‘/home/hornik/tmp/R.check/r-devel-clang/Work/PKGS/seqest.Rcheck/00install.out’ for details.
* used C++ compiler: ‘Debian clang version 18.1.0 (rc4-1)’
Flavor: r-devel-linux-x86_64-debian-clang
Version: 1.0.1
Check: C++ specification
Result: NOTE
Specified C++11: please drop specification unless essential
Flavors: r-devel-linux-x86_64-debian-clang, r-devel-linux-x86_64-debian-gcc, r-devel-linux-x86_64-fedora-clang, r-devel-linux-x86_64-fedora-gcc, r-devel-windows-x86_64, r-patched-linux-x86_64, r-release-linux-x86_64, r-release-macos-arm64, r-release-macos-x86_64, r-release-windows-x86_64
Version: 1.0.1
Check: LazyData
Result: NOTE
'LazyData' is specified without a 'data' directory
Flavors: r-devel-linux-x86_64-debian-clang, r-devel-linux-x86_64-debian-gcc, r-devel-linux-x86_64-fedora-clang, r-devel-linux-x86_64-fedora-gcc, r-devel-windows-x86_64, r-patched-linux-x86_64, r-release-linux-x86_64, r-release-macos-arm64, r-release-macos-x86_64, r-release-windows-x86_64, r-oldrel-macos-arm64, r-oldrel-windows-x86_64