Last updated on 2024-04-20 08:51:12 CEST.
Flavor | Version | Tinstall | Tcheck | Ttotal | Status | Flags |
---|---|---|---|---|---|---|
r-devel-linux-x86_64-debian-clang | 1.2.3 | 0.56 | 2.12 | 2.68 | ERROR | |
r-devel-linux-x86_64-debian-gcc | 1.2.3 | 1.68 | 1.68 | ERROR | ||
r-devel-linux-x86_64-fedora-clang | 1.2.3 | 275.01 | NOTE | |||
r-devel-linux-x86_64-fedora-gcc | 1.2.3 | 275.86 | NOTE | |||
r-prerel-macos-arm64 | 1.2.3 | 82.00 | NOTE | |||
r-prerel-macos-x86_64 | 1.2.3 | 154.00 | OK | |||
r-prerel-windows-x86_64 | 1.2.3 | 7.00 | 165.00 | 172.00 | NOTE | |
r-patched-linux-x86_64 | 1.2.3 | 3.03 | 200.87 | 203.90 | NOTE | |
r-release-linux-x86_64 | 1.2.3 | 3.00 | 202.54 | 205.54 | OK | |
r-release-macos-arm64 | 1.2.3 | 57.00 | NOTE | |||
r-release-macos-x86_64 | 1.2.3 | 94.00 | NOTE | |||
r-release-windows-x86_64 | 1.2.3 | 6.00 | 217.00 | 223.00 | OK | |
r-oldrel-macos-arm64 | 1.2.3 | 69.00 | OK | |||
r-oldrel-windows-x86_64 | 1.2.3 | 6.00 | 194.00 | 200.00 | OK |
Version: 1.2.3
Check: package dependencies
Result: ERROR
Packages required but not available: 'sva', 'cate'
Packages suggested but not available for checking:
'SummarizedExperiment', 'DESeq2', 'airway'
See section ‘The DESCRIPTION file’ in the ‘Writing R Extensions’
manual.
Flavors: r-devel-linux-x86_64-debian-clang, r-devel-linux-x86_64-debian-gcc
Version: 1.2.3
Check: Rd files
Result: NOTE
checkRd: (-1) poisthin.Rd:82-83: Lost braces in \itemize; \value handles \item{}{} directly
checkRd: (-1) poisthin.Rd:84-85: Lost braces in \itemize; \value handles \item{}{} directly
checkRd: (-1) poisthin.Rd:86: Lost braces in \itemize; \value handles \item{}{} directly
checkRd: (-1) poisthin.Rd:87-88: Lost braces in \itemize; \value handles \item{}{} directly
Flavors: r-devel-linux-x86_64-fedora-clang, r-devel-linux-x86_64-fedora-gcc, r-prerel-macos-arm64, r-prerel-windows-x86_64, r-patched-linux-x86_64
Version: 1.2.3
Check: package dependencies
Result: NOTE
Package suggested but not available for checking: ‘airway’
Flavors: r-release-macos-arm64, r-release-macos-x86_64