Last updated on 2024-03-12 07:50:07 CET.
Flavor | Version | Tinstall | Tcheck | Ttotal | Status | Flags |
---|---|---|---|---|---|---|
r-devel-linux-x86_64-debian-clang | 4.2-36 | 16.91 | 127.14 | 144.05 | OK | |
r-devel-linux-x86_64-debian-gcc | 4.2-36 | 14.09 | 98.70 | 112.79 | OK | |
r-devel-linux-x86_64-fedora-clang | 4.2-36 | 177.05 | NOTE | |||
r-devel-linux-x86_64-fedora-gcc | 4.2-36 | 189.41 | OK | |||
r-devel-windows-x86_64 | 4.2-36 | 18.00 | 147.00 | 165.00 | NOTE | |
r-patched-linux-x86_64 | 4.2-36 | 21.73 | 126.34 | 148.07 | OK | |
r-release-linux-x86_64 | 4.2-36 | 14.72 | 125.64 | 140.36 | OK | |
r-release-macos-arm64 | 4.2-36 | 64.00 | NOTE | |||
r-release-macos-x86_64 | 4.2-36 | 137.00 | NOTE | |||
r-release-windows-x86_64 | 4.2-36 | 23.00 | 168.00 | 191.00 | NOTE | |
r-oldrel-macos-arm64 | 4.2-36 | 62.00 | NOTE | |||
r-oldrel-windows-x86_64 | 4.2-36 | 22.00 | 176.00 | 198.00 | NOTE |
Version: 4.2-36
Check: installed package size
Result: NOTE
installed size is 5.5Mb
sub-directories of 1Mb or more:
data 1.5Mb
sequences 1.9Mb
Flavors: r-devel-linux-x86_64-fedora-clang, r-devel-windows-x86_64, r-release-macos-arm64, r-release-macos-x86_64, r-release-windows-x86_64, r-oldrel-macos-arm64, r-oldrel-windows-x86_64